{"id":15484,"date":"2025-07-16T10:49:46","date_gmt":"2025-07-16T15:49:46","guid":{"rendered":"https:\/\/cotecnova.edu.co\/?page_id=15484"},"modified":"2025-07-16T10:49:46","modified_gmt":"2025-07-16T15:49:46","slug":"convenio-ceupe","status":"publish","type":"page","link":"https:\/\/cotecnova.edu.co\/index.php\/convenio-ceupe\/","title":{"rendered":"Convenio CEUPE"},"content":{"rendered":"\n<style type=\"text\/css\" data-created_by=\"avia_inline_auto\" id=\"style-css-av-8gf9ab-4071d423f147b2fa3ed1eb24076c02ec\">\n.flex_column.av-8gf9ab-4071d423f147b2fa3ed1eb24076c02ec{\nborder-radius:0px 0px 0px 0px;\npadding:0px 0px 0px 0px;\n}\n<\/style>\n<div  class='flex_column av-8gf9ab-4071d423f147b2fa3ed1eb24076c02ec av_one_full  avia-builder-el-0  el_before_av_one_full  avia-builder-el-first  first flex_column_div av-zero-column-padding  '     ><style type=\"text\/css\" data-created_by=\"avia_inline_auto\" id=\"style-css-av-m6ld55ua-0ea26e9ad19fbc3a73d87a9e3558d2f1\">\n.avia-image-container.av-m6ld55ua-0ea26e9ad19fbc3a73d87a9e3558d2f1 img.avia_image{\nbox-shadow:none;\n}\n.avia-image-container.av-m6ld55ua-0ea26e9ad19fbc3a73d87a9e3558d2f1 .av-image-caption-overlay-center{\ncolor:#ffffff;\n}\n<\/style>\n<div  class='avia-image-container av-m6ld55ua-0ea26e9ad19fbc3a73d87a9e3558d2f1 av-styling- avia-align-center  avia-builder-el-1  avia-builder-el-no-sibling '   itemprop=\"image\" itemscope=\"itemscope\" itemtype=\"https:\/\/schema.org\/ImageObject\" ><div class=\"avia-image-container-inner\"><div class=\"avia-image-overlay-wrap\"><img fetchpriority=\"high\" class='wp-image-15485 avia-img-lazy-loading-not-15485 avia_image ' src='https:\/\/cotecnova.edu.co\/wp-content\/uploads\/2025\/07\/Posgrados-CEUPE_Banner.png' alt='' title='Posgrados CEUPE_Banner'  height=\"980\" width=\"3465\"  itemprop=\"thumbnailUrl\"  \/><\/div><\/div><\/div><\/div>\n<style type=\"text\/css\" data-created_by=\"avia_inline_auto\" id=\"style-css-av-1yb4fr7-2f4f4b7b294ab1e727772abdb0a80a93\">\n.flex_column.av-1yb4fr7-2f4f4b7b294ab1e727772abdb0a80a93{\nborder-radius:0px 0px 0px 0px;\npadding:0px 0px 0px 0px;\n}\n<\/style>\n<div  class='flex_column av-1yb4fr7-2f4f4b7b294ab1e727772abdb0a80a93 av_one_full  avia-builder-el-2  el_after_av_one_full  avia-builder-el-last  first flex_column_div av-zero-column-padding  column-top-margin'     ><div  class='tabcontainer av-1flki99-9709b716edbc02162346662a4a10178e sidebar_tab sidebar_tab_left  avia-builder-el-3  avia-builder-el-no-sibling  border_tabs'>\n<section class='av_tab_section av_tab_section av-putbbc-84b3163824c2962969bf4510d415ee0c'  itemscope=\"itemscope\" itemtype=\"https:\/\/schema.org\/CreativeWork\" ><div id='tab-id-1-tab' class='tab active_tab' role='tab' aria-selected=\"true\" tabindex=\"0\" data-fake-id='#tab-id-1' aria-controls='tab-id-1-content'  itemprop=\"headline\" ><span class='tab_icon avia-iconfont avia-font-entypo-fontello' data-av_icon='\ue81f' data-av_iconfont='entypo-fontello' ><\/span>Presentaci\u00f3n<\/div><div id='tab-id-1-content' class='tab_content active_tab_content' role='tabpanel' aria-labelledby='tab-id-1-tab' aria-hidden=\"false\"><div class='tab_inner_content invers-color'  itemprop=\"text\" ><h3 style=\"text-align: center;\"><span style=\"color: #008000;\">Convenivo CEUPE<\/span><\/h3>\n<p>La <strong>Corporaci\u00f3n de Estudios Tecnol\u00f3gicos del Norte del Valle &#8211; COTECNOVA<\/strong>, en su compromiso con la excelencia acad\u00e9mica, la internacionalizaci\u00f3n y la formaci\u00f3n integral de su comunidad, ha establecido un valioso convenio de cooperaci\u00f3n acad\u00e9mica con el <span style=\"color: #339966;\"><strong><a style=\"color: #339966;\" href=\"https:\/\/www.ceupe.co\/\" target=\"_blank\" rel=\"noopener\">Centro Europeo de Postgrado \u2013 CEUPE<\/a><\/strong><\/span> de Espa\u00f1a.<\/p>\n<p>Este acuerdo tiene como prop\u00f3sito fortalecer las competencias profesionales de nuestros egresados, estudiantes, docentes y administrativos, convirti\u00e9ndolos en especialistas internacionales altamente calificados, capaces de responder a los retos actuales desde un enfoque innovador, \u00e9tico y sostenible.<\/p>\n<p>Gracias a este convenio, los miembros de nuestra comunidad educativa podr\u00e1n acceder a programas de maestr\u00eda con importantes beneficios acad\u00e9micos y econ\u00f3micos, promoviendo as\u00ed la movilidad internacional y el desarrollo profesional con impacto global.<\/p>\n<h5>Beneficios del Acuerdo<\/h5>\n<ul>\n<li>Becas del 50% al 85% sobre el valor total de la maestr\u00eda.<\/li>\n<li>Inmersi\u00f3n opcional en un idioma extranjero.<\/li>\n<li>Pago mensual sin intereses.<\/li>\n<li>Networking internacional y desarrollo profesional.<\/li>\n<li>Posibilidad de acceder directamente a programas de doctorado.<\/li>\n<li>Opci\u00f3n de titulaciones de profundizaci\u00f3n.<\/li>\n<\/ul>\n<\/div><\/div><\/section>\n<section class='av_tab_section av_tab_section av-o0hmiw-1a42eb8d35be6a8f349b391b4b18e7a9'  itemscope=\"itemscope\" itemtype=\"https:\/\/schema.org\/CreativeWork\" ><div id='tab-id-2-tab' class='tab' role='tab' aria-selected=\"false\" tabindex=\"0\" data-fake-id='#tab-id-2' aria-controls='tab-id-2-content'  itemprop=\"headline\" ><span class='tab_icon avia-iconfont avia-font-entypo-fontello' data-av_icon='\ue84d' data-av_iconfont='entypo-fontello' ><\/span>Informaci\u00f3n<\/div><div id='tab-id-2-content' class='tab_content' role='tabpanel' aria-labelledby='tab-id-2-tab' aria-hidden=\"true\"><div class='tab_inner_content invers-color'  itemprop=\"text\" ><h3 style=\"text-align: center;\"><span style=\"color: #008000;\">Inscripciones<\/span><\/h3>\n<p>La Corporaci\u00f3n de Estudios Tecnol\u00f3gicos del Norte del Valle informa a la comunidad que se encuentra en periodo de inscripciones, el horario de atenci\u00f3n al p\u00fablico ser\u00e1 el siguiente:<\/p>\n<p><strong>Lunes a Viernes:\u00a0<\/strong>8:00 am. a 12:00 pm. y 2:00 pm. a 7:00 pm.<\/p>\n<p><strong>S\u00e1bados:\u00a0<\/strong>8:00 am. a 12:00 m.<\/p>\n<p><strong>Direcci\u00f3n:<\/strong>\u00a0CL 10 No. 3-95 Cartago, Valle<\/p>\n<p><strong>Tel\u00e9fonos:<\/strong>\u00a0(602) 213 4421 Ext. 101 (Informaci\u00f3n) \/ Ext. 104 (Financiera)<\/p>\n<p><strong>WhatsApp:<\/strong>\u00a0(57) 315 433 8604 (Informaci\u00f3n) \/ (57) 318 707 6901 (Financiera)<\/p>\n<hr \/>\n<h3 style=\"text-align: center;\"><span style=\"color: #008000;\">Requisitos<\/span><\/h3>\n<h5>\u00bfQui\u00e9nes pueden aplicar?<\/h5>\n<ul>\n<li>Egresados de COTECNOVA.<\/li>\n<li>Estudiantes pr\u00f3ximos a culminar su ciclo formativo.<\/li>\n<li>Docentes y administrativos de la instituci\u00f3n.<\/li>\n<\/ul>\n<p>Modalidad de los programas: 100% virtual, con acceso a tutor\u00edas internacionales y plataforma acad\u00e9mica europea.<\/p>\n<h5>Requisitos generales.<\/h5>\n<ul>\n<li>Ser parte activa de la comunidad COTECNOVA.<\/li>\n<li>Diligenciar el formulario de inscripci\u00f3n.<\/li>\n<li>Contar con t\u00edtulo de educaci\u00f3n superior (para programas de maestr\u00eda).<\/li>\n<li>Cumplir con los requisitos espec\u00edficos establecidos por CEUPE.<\/li>\n<\/ul>\n<h5>Proceso de inscripci\u00f3n.<\/h5>\n<ul>\n<li>Contactar a CEUPE Colombia a trav\u00e9s de los medios oficiales.<\/li>\n<li>Recibir asesor\u00eda personalizada sobre el programa de inter\u00e9s.<\/li>\n<li>Aplicar a la beca parcial y formalizar matr\u00edcula.<\/li>\n<li>Iniciar el programa en la fecha establecida.<\/li>\n<\/ul>\n<\/div><\/div><\/section>\n<section class='av_tab_section av_tab_section av-w16prc-f7b5335f2b98bf49d2b096414bd4bdb2'  itemscope=\"itemscope\" itemtype=\"https:\/\/schema.org\/CreativeWork\" ><div id='tab-id-3-tab' class='tab' role='tab' aria-selected=\"false\" tabindex=\"0\" data-fake-id='#tab-id-3' aria-controls='tab-id-3-content'  itemprop=\"headline\" ><span class='tab_icon avia-iconfont avia-font-entypo-fontello' data-av_icon='\ue8db' data-av_iconfont='entypo-fontello' ><\/span>Maestr\u00edas<\/div><div id='tab-id-3-content' class='tab_content' role='tabpanel' aria-labelledby='tab-id-3-tab' aria-hidden=\"true\"><div class='tab_inner_content invers-color'  itemprop=\"text\" ><h3 style=\"text-align: center;\"><span style=\"color: #008000;\">Maestr\u00edas Disponibles<\/span><\/h3>\n<p><iframe loading=\"lazy\" src=\"https:\/\/www.ceupe.co\/maestrias-oficiales.html\" width=\"1200\" height=\"1000\"><\/iframe><\/p>\n<\/div><\/div><\/section>\n<section class='av_tab_section av_tab_section av-og9m20-620e8d4353ca2115c207908639c430be'  itemscope=\"itemscope\" itemtype=\"https:\/\/schema.org\/CreativeWork\" ><div id='tab-id-4-tab' class='tab' role='tab' aria-selected=\"false\" tabindex=\"0\" data-fake-id='#tab-id-4' aria-controls='tab-id-4-content'  itemprop=\"headline\" ><span class='tab_icon avia-iconfont avia-font-entypo-fontello' data-av_icon='\ue854' data-av_iconfont='entypo-fontello' ><\/span>M\u00e1s Informaci\u00f3n<\/div><div id='tab-id-4-content' class='tab_content' role='tabpanel' aria-labelledby='tab-id-4-tab' aria-hidden=\"true\"><div class='tab_inner_content invers-color'  itemprop=\"text\" ><h3 style=\"text-align: center;\"><span style=\"color: #008000;\">M\u00e1s Informaci\u00f3n<\/span><\/h3>\n<p><strong>Tel\u00e9fono:<\/strong> (602) 213 4421 Ext. 101<\/p>\n<p><strong>Celular:<\/strong> <a href=\"https:\/\/wa.me\/573154338604\" target=\"_blank\" rel=\"noopener\">(+57) 315 433 8604<\/a><\/p>\n<p><strong>Correo:<\/strong> <a href=\"mailto:info@cotecnova.edu.co\">info@cotecnova.edu.co<\/a><\/p>\n<p>Calle 10 # 3-95 Cartago, Valle<\/p>\n<h5>Centro Europero de Postgrado &#8211; Espa\u00f1a<\/h5>\n<p><strong>Correo:\u00a0<\/strong><a href=\"mailto:colombia@ceupe.com\">colombia@ceupe.com<\/a><\/p>\n<p><strong>Celular:<\/strong> <a href=\"https:\/\/wa.me\/573154338604\" target=\"_blank\" rel=\"noopener\">3<\/a>20 845 2249<\/p>\n<\/div><\/div><\/section>\n<\/div><\/div><\/p>\n","protected":false},"excerpt":{"rendered":"","protected":false},"author":2,"featured_media":0,"parent":0,"menu_order":0,"comment_status":"closed","ping_status":"closed","template":"","meta":{"_joinchat":[],"footnotes":""},"class_list":["post-15484","page","type-page","status-publish","hentry"],"nelio_popups_active_popup":"","_links":{"self":[{"href":"https:\/\/cotecnova.edu.co\/index.php\/wp-json\/wp\/v2\/pages\/15484","targetHints":{"allow":["GET"]}}],"collection":[{"href":"https:\/\/cotecnova.edu.co\/index.php\/wp-json\/wp\/v2\/pages"}],"about":[{"href":"https:\/\/cotecnova.edu.co\/index.php\/wp-json\/wp\/v2\/types\/page"}],"author":[{"embeddable":true,"href":"https:\/\/cotecnova.edu.co\/index.php\/wp-json\/wp\/v2\/users\/2"}],"replies":[{"embeddable":true,"href":"https:\/\/cotecnova.edu.co\/index.php\/wp-json\/wp\/v2\/comments?post=15484"}],"version-history":[{"count":4,"href":"https:\/\/cotecnova.edu.co\/index.php\/wp-json\/wp\/v2\/pages\/15484\/revisions"}],"predecessor-version":[{"id":15489,"href":"https:\/\/cotecnova.edu.co\/index.php\/wp-json\/wp\/v2\/pages\/15484\/revisions\/15489"}],"wp:attachment":[{"href":"https:\/\/cotecnova.edu.co\/index.php\/wp-json\/wp\/v2\/media?parent=15484"}],"curies":[{"name":"wp","href":"https:\/\/api.w.org\/{rel}","templated":true}]}}