{"id":3530,"date":"2016-06-23T21:13:52","date_gmt":"2016-06-23T21:13:52","guid":{"rendered":"http:\/\/www.cotec.webcotecnova.site\/?page_id=3530"},"modified":"2026-01-08T14:41:15","modified_gmt":"2026-01-08T19:41:15","slug":"tecnologia-en-gestion-de-sistemas-de-informacion","status":"publish","type":"page","link":"https:\/\/cotecnova.edu.co\/index.php\/tecnologia-en-gestion-de-sistemas-de-informacion\/","title":{"rendered":"Tecnolog\u00eda en Sistemas de Informaci\u00f3n"},"content":{"rendered":"\n<style type=\"text\/css\" data-created_by=\"avia_inline_auto\" id=\"style-css-av-lbpmq64i-cbba19967f92cd87412ef20033e8da1a\">\n.avia-image-container.av-lbpmq64i-cbba19967f92cd87412ef20033e8da1a img.avia_image{\nbox-shadow:none;\n}\n.avia-image-container.av-lbpmq64i-cbba19967f92cd87412ef20033e8da1a .av-image-caption-overlay-center{\ncolor:#ffffff;\n}\n<\/style>\n<div  class='avia-image-container av-lbpmq64i-cbba19967f92cd87412ef20033e8da1a av-styling- avia-align-center  avia-builder-el-0  el_before_av_one_full  avia-builder-el-first '   itemprop=\"image\" itemscope=\"itemscope\" itemtype=\"https:\/\/schema.org\/ImageObject\" ><div class=\"avia-image-container-inner\"><div class=\"avia-image-overlay-wrap\"><img fetchpriority=\"high\" class='wp-image-15432 avia-img-lazy-loading-not-15432 avia_image ' src='https:\/\/cotecnova.edu.co\/wp-content\/uploads\/2025\/06\/Tcnlg.Gest_.Sist_.Informacion_Banner.jpg' alt='' title='Tcnlg.Gest.Sist.Informaci\u00f3n_Banner'  height=\"470\" width=\"1663\"  itemprop=\"thumbnailUrl\"  \/><\/div><\/div><\/div>\n\n<style type=\"text\/css\" data-created_by=\"avia_inline_auto\" id=\"style-css-av-8qgt0q-ab101b80fc2deb4c4b1f696d41235447\">\n.flex_column.av-8qgt0q-ab101b80fc2deb4c4b1f696d41235447{\nborder-radius:0px 0px 0px 0px;\npadding:0px 0px 0px 0px;\n}\n<\/style>\n<div  class='flex_column av-8qgt0q-ab101b80fc2deb4c4b1f696d41235447 av_one_full  avia-builder-el-1  el_after_av_image  avia-builder-el-last  first flex_column_div av-zero-column-padding  '     ><div  class='tabcontainer av-1flki99-9709b716edbc02162346662a4a10178e sidebar_tab sidebar_tab_left  avia-builder-el-2  avia-builder-el-no-sibling  border_tabs'>\n<section class='av_tab_section av_tab_section av-oxx96-c2711d87e4f37a581f97f6a5038c81c4'  itemscope=\"itemscope\" itemtype=\"https:\/\/schema.org\/CreativeWork\" ><div id='tab-id-1-tab' class='tab active_tab' role='tab' aria-selected=\"true\" tabindex=\"0\" data-fake-id='#tab-id-1' aria-controls='tab-id-1-content'  itemprop=\"headline\" ><span class='tab_icon avia-iconfont avia-font-entypo-fontello' data-av_icon='\ue81f' data-av_iconfont='entypo-fontello' ><\/span>Presentaci\u00f3n<\/div><div id='tab-id-1-content' class='tab_content active_tab_content' role='tabpanel' aria-labelledby='tab-id-1-tab' aria-hidden=\"false\"><div class='tab_inner_content invers-color'  itemprop=\"text\" ><h3 style=\"text-align: center;\"><span style=\"color: #008000;\">Nuestro Programa<\/span><\/h3>\n<p>El <strong>Tecn\u00f3logo en Gesti\u00f3n de Sistemas de Informaci\u00f3n<\/strong> de la Corporaci\u00f3n de Estudios Tecnol\u00f3gicos del Norte del Valle es un profesional integral con una formaci\u00f3n human\u00edstica, ambiental y social, con capacidad de trabajo en equipo, actitud innovadora y esp\u00edritu investigativo; un sentido \u00e9tico que deriva sus saberes a un crecimiento personal mejorando su calidad de vida, que puede aportar soluciones en diferentes contextos y dirigirlas hacia el beneficio y desarrollo de la regi\u00f3n y por ende del pa\u00eds.<\/p>\n<p>El Tecn\u00f3logo fundamenta su formaci\u00f3n en la gesti\u00f3n de Sistemas de Informaci\u00f3n, combinando los conocimientos adquiridos tanto te\u00f3ricos como pr\u00e1cticos, para analizar, dise\u00f1ar software de aplicaci\u00f3n con el fin de optimizar los recursos inform\u00e1ticos de una organizaci\u00f3n, administrar las bases de datos, supervisar el soporte t\u00e9cnico y mantenimiento a los sistemas de informaci\u00f3n.<\/p>\n<hr \/>\n<p style=\"text-align: left;\"><strong>T\u00edtulo que Otorga:<\/strong> Tecn\u00f3logo en Gesti\u00f3n de Sistemas de Informaci\u00f3n<\/p>\n<p><strong>Nivel Acad\u00e9mico:\u00a0<\/strong>Pregrado<\/p>\n<p><strong>Nivel de Formaci\u00f3n:<\/strong> Tecnol\u00f3gico<\/p>\n<p style=\"text-align: left;\"><strong>Registro:<\/strong> Resoluci\u00f3n No. 11234 del 17\u00a0 de Junio de 2022<\/p>\n<p style=\"text-align: left;\"><strong>C\u00f3digo SNIES:<\/strong> 111781 (<a href=\"https:\/\/cotecnova.edu.co\/wp-content\/uploads\/2025\/06\/SNIES-Tecnologia-en-Gestion-de-Sistemas-de-Informacion-2022.pdf\" target=\"_blank\" rel=\"noopener\">Consultar<\/a>)<\/p>\n<p style=\"text-align: left;\"><strong>Duraci\u00f3n:<\/strong> 7 Semestres<\/p>\n<p style=\"text-align: left;\"><strong>Modalidad:<\/strong>\u00a0Presencial<\/p>\n<p style=\"text-align: left;\"><strong>Jornada:<\/strong> Diurna \u2013 Nocturna<\/p>\n<p style=\"text-align: left;\"><strong>Cr\u00e9ditos acad\u00e9micos:<\/strong> 123 cr\u00e9ditos<\/p>\n<p style=\"text-align: left;\"><strong>Inscripci\u00f3n:<\/strong> $145.912<\/p>\n<p style=\"text-align: left;\"><strong>Matr\u00edcula:<\/strong> $2.386.553<\/p>\n<hr \/>\n<h3 style=\"text-align: center;\"><span style=\"color: #008000;\">Inscripciones<\/span><\/h3>\n<p>La Corporaci\u00f3n de Estudios Tecnol\u00f3gicos del Norte del Valle informa a la comunidad que se encuentra en periodo de inscripciones, el horario de atenci\u00f3n al p\u00fablico ser\u00e1 el siguiente:<\/p>\n<p><strong>Lunes a Viernes:\u00a0<\/strong>8:00 am. a 12:00 pm. y 2:00 pm. a 7:00 pm.<\/p>\n<p><strong>S\u00e1bados:\u00a0<\/strong>8:00 am. a 12:00 m.<\/p>\n<p><strong>Direcci\u00f3n:<\/strong>\u00a0CL 10 No. 3-95 Cartago, Valle<\/p>\n<p><strong>Tel\u00e9fonos:<\/strong>\u00a0(602) 213 4421 Ext. 101 (Informaci\u00f3n) \/ Ext. 104 (Financiera)<\/p>\n<p><strong>WhatsApp:<\/strong>\u00a0(57) 315 433 8604 (Informaci\u00f3n) \/ (57) 318 707 6901 (Financiera)<\/p>\n<h5><strong>Documentos exigidos para la inscripci\u00f3n (Programas Propios):<\/strong><\/h5>\n<ul>\n<li>Formulario de inscripci\u00f3n diligenciado. (<a href=\"https:\/\/cotecnova.edu.co\/wp-content\/uploads\/2025\/11\/FORMULARIO_DE__INSCRIPCION_V7_.docx\" target=\"_blank\" rel=\"noopener\">Descargar<\/a>)<\/li>\n<li>Examen de Estado para el ingreso a la Educaci\u00f3n Superior nacionales o ex\u00e1menes similares homologables en el pa\u00eds seg\u00fan la normatividad vigente.<\/li>\n<li>Para programas de formaci\u00f3n t\u00e9cnica profesional, se podr\u00e1 presentar certificado de educaci\u00f3n b\u00e1sica secundaria.<\/li>\n<li>Para nivel tecnol\u00f3gico o profesional universitario, original o copia de Acta de Grado de bachiller otorgados por instituciones p\u00fablicas o privadas, debidamente reconocidas por el gobierno nacional.<\/li>\n<li>Copia del documento de identidad (c\u00e9dula, tarjeta de identidad, o c\u00e9dula de extranjer\u00eda).<\/li>\n<li>Dos (2) fotograf\u00edas recientes tama\u00f1o documento 3 x 4cm.<\/li>\n<li>Recibo de pago Inscripci\u00f3n. (<a href=\"http:\/\/www.recibo.appcotecnova.es\/\" target=\"_blank\" rel=\"noopener\">Descargar<\/a>)\n<ul>\n<li>Programas por ciclos proped\u00e9uticos: $145.912<\/li>\n<li>Programas terminales: $91.787<\/li>\n<\/ul>\n<\/li>\n<li>Sobre de Manila tama\u00f1o oficio.<\/li>\n<\/ul>\n<h5><strong>Documentos exigidos para la inscripci\u00f3n (Programas en Convenio):<\/strong><\/h5>\n<ul>\n<li>Examen de Estado para el ingreso a la Educaci\u00f3n Superior.<\/li>\n<li>Fotocopia del diploma y acta de grado de bachiller.<\/li>\n<li>Fotocopia Ampliada al 150 del Documento de Identidad.<\/li>\n<li>3 Fotos tama\u00f1o documento fondo blanco.<\/li>\n<li>Sobre de Manila tama\u00f1o oficio.<\/li>\n<li>Recibo de pago de inscripci\u00f3n.<\/li>\n<\/ul>\n<h5><strong>Documentos exigidos para la inscripci\u00f3n (Programas Posgrado):<\/strong><\/h5>\n<ul>\n<li>Formulario de inscripci\u00f3n diligenciado. (<a href=\"https:\/\/cotecnova.edu.co\/wp-content\/uploads\/2025\/11\/FORMULARIO_DE__INSCRIPCION_V2.docx\" target=\"_blank\" rel=\"noopener\">Descargar<\/a>)<\/li>\n<li>Original o copia del acta de pregrado profesional universitario.<\/li>\n<li>Copia del documento de identidad (c\u00e9dula, tarjeta de identidad, o c\u00e9dula de extranjer\u00eda).<\/li>\n<li>Dos (2) fotograf\u00edas recientes tama\u00f1o documento 3 x 4cm.<\/li>\n<li>Recibo de pago Inscripci\u00f3n. (<a href=\"http:\/\/www.recibo.appcotecnova.es\/\" target=\"_blank\" rel=\"noopener\">Descargar<\/a>)\n<ul>\n<li>Programas posgrado: $145.912<\/li>\n<\/ul>\n<\/li>\n<li>Sobre de Manila tama\u00f1o oficio.<\/li>\n<\/ul>\n<hr \/>\n<h3 style=\"text-align: center;\"><span style=\"color: #008000;\"><strong>Documentos Adicionales<\/strong><\/span><\/h3>\n<p><b><strong>Ciclos Profesionales:<\/strong><\/b><\/p>\n<ul>\n<li>Certificado de Notas.<\/li>\n<li>Fotocopia\u00a0 de Acta y Diploma de Tecn\u00f3logo.<\/li>\n<\/ul>\n<h3 style=\"text-align: center;\"><span style=\"color: #008000;\"><strong>Homologaciones y Transferencias<\/strong><\/span><\/h3>\n<p>Documentos exigidos para homologar otros programas:<\/p>\n<ul>\n<li>Recibo de pago homologaci\u00f3n. (<a href=\"http:\/\/www.recibo.appcotecnova.es\/\" target=\"_blank\" rel=\"noopener\">Descargar<\/a>)\n<ul>\n<li>Estudio de homologaci\u00f3n: $12.628<\/li>\n<\/ul>\n<\/li>\n<li>Certificado de Notas y contenidos.<\/li>\n<li>Paz y Salvo de Instituci\u00f3n Educativa de donde proviene.<\/li>\n<\/ul>\n<hr \/>\n<p style=\"text-align: center;\"><em>Instituci\u00f3n de Educaci\u00f3n Superior sujeta a Inspecci\u00f3n y Vigilancia por el Ministerio de Educaci\u00f3n Nacional<\/em><\/p>\n<\/div><\/div><\/section>\n<section class='av_tab_section av_tab_section av-6bgayi-cf81ef9f0a5f9094de62ee49648960ee'  itemscope=\"itemscope\" itemtype=\"https:\/\/schema.org\/CreativeWork\" ><div id='tab-id-2-tab' class='tab' role='tab' aria-selected=\"false\" tabindex=\"0\" data-fake-id='#tab-id-2' aria-controls='tab-id-2-content'  itemprop=\"headline\" ><span class='tab_icon avia-iconfont avia-font-entypo-fontello' data-av_icon='\ue84d' data-av_iconfont='entypo-fontello' ><\/span>Perfil de Egreso<\/div><div id='tab-id-2-content' class='tab_content' role='tabpanel' aria-labelledby='tab-id-2-tab' aria-hidden=\"true\"><div class='tab_inner_content invers-color'  itemprop=\"text\" ><h3 style=\"text-align: center;\"><span style=\"color: #008000;\">Perfil Profesional<\/span><\/h3>\n<p>El <strong>Tecn\u00f3logo en Gesti\u00f3n de Sistemas de Informaci\u00f3n<\/strong> ser\u00e1 capaz de planear, analizar, dise\u00f1ar y desarrollar sistemas de informaci\u00f3n y gestionar\u00a0Sistemas de Informaci\u00f3n para todo tipo de aplicaci\u00f3n comercial e industrial que cumplan con los requerimientos de las organizaciones y los est\u00e1ndares\u00a0internacionales.<\/p>\n<ul>\n<li>Administrar sistemas de Informaci\u00f3n empresariales.<\/li>\n<li>Asesorar al sector empresarial en la toma de decisiones para el dise\u00f1o y adquisici\u00f3n de hardware y software.<\/li>\n<li>Asistir a la divisi\u00f3n de sistemas.<\/li>\n<li>Planear y organizar proyectos que involucren Tecnolog\u00eda de la Informaci\u00f3n.<\/li>\n<li>Analizar y dise\u00f1ar estructuras de sistemas de informaci\u00f3n administrativos, \u00a0\u00a0comerciales, financieros, entre otros.<\/li>\n<li>Desarrollar software aplicativo bajo estructuras convencionales, Web y orientadas a\u00a0objetos.<\/li>\n<li>Gestionar bases de datos.<\/li>\n<\/ul>\n<hr \/>\n<h3 style=\"text-align: center;\"><span style=\"color: #008000;\">Perfil Ocupacional<\/span><\/h3>\n<p>El <strong>Tecn\u00f3logo en Gesti\u00f3n de Sistemas de Informaci\u00f3n<\/strong> puede desempe\u00f1arse en empresas o instituciones p\u00fablicas o privadas, ocupando cargos y\/o actividades administrativas y de producci\u00f3n en el \u00e1rea de desarrollo de soluciones inform\u00e1ticas.<\/p>\n<p>Puede desempe\u00f1arse como:<\/p>\n<ul>\n<li>Analista y dise\u00f1ador de software a la medida.<\/li>\n<li>Integrador de sistemas inform\u00e1ticos.<\/li>\n<li>Administrador de centros de c\u00f3mputo.<\/li>\n<li>Proveedor de soluciones, brindando entrenamiento y resolviendo problemas operativos y t\u00e9cnicos a los usuarios de los sistemas de informaci\u00f3n.<\/li>\n<li>Colaborador en procesos de gesti\u00f3n tecnol\u00f3gica de las organizaciones.<\/li>\n<li>Gestor de empresas de servicios en el \u00e1rea de sistemas para el manejo \u00f3ptimo de la informaci\u00f3n.<\/li>\n<li>Asesor en soluciones de infraestructura tecnol\u00f3gica y de comunicaciones.<\/li>\n<li>Administrador de bases de datos.<\/li>\n<\/ul>\n<\/div><\/div><\/section>\n<section class='av_tab_section av_tab_section av-3m9i62-6ed1befb57fe3336720a2c8a200137d4'  itemscope=\"itemscope\" itemtype=\"https:\/\/schema.org\/CreativeWork\" ><div id='tab-id-3-tab' class='tab' role='tab' aria-selected=\"false\" tabindex=\"0\" data-fake-id='#tab-id-3' aria-controls='tab-id-3-content'  itemprop=\"headline\" ><span class='tab_icon avia-iconfont avia-font-entypo-fontello' data-av_icon='\ue8d8' data-av_iconfont='entypo-fontello' ><\/span>Plan de Estudios<\/div><div id='tab-id-3-content' class='tab_content' role='tabpanel' aria-labelledby='tab-id-3-tab' aria-hidden=\"true\"><div class='tab_inner_content invers-color'  itemprop=\"text\" ><p><img loading=\"lazy\" decoding=\"async\" class=\"aligncenter size-full wp-image-11920\" src=\"http:\/\/cotecnova.edu.co\/wp-content\/uploads\/2022\/07\/Plan-de-Estudios-Tecnologia-11-Jul-22_page-0001.jpg\" alt=\"\" width=\"1205\" height=\"1629\" srcset=\"https:\/\/cotecnova.edu.co\/wp-content\/uploads\/2022\/07\/Plan-de-Estudios-Tecnologia-11-Jul-22_page-0001.jpg 1205w, https:\/\/cotecnova.edu.co\/wp-content\/uploads\/2022\/07\/Plan-de-Estudios-Tecnologia-11-Jul-22_page-0001-222x300.jpg 222w, https:\/\/cotecnova.edu.co\/wp-content\/uploads\/2022\/07\/Plan-de-Estudios-Tecnologia-11-Jul-22_page-0001-762x1030.jpg 762w, https:\/\/cotecnova.edu.co\/wp-content\/uploads\/2022\/07\/Plan-de-Estudios-Tecnologia-11-Jul-22_page-0001-768x1038.jpg 768w, https:\/\/cotecnova.edu.co\/wp-content\/uploads\/2022\/07\/Plan-de-Estudios-Tecnologia-11-Jul-22_page-0001-1136x1536.jpg 1136w, https:\/\/cotecnova.edu.co\/wp-content\/uploads\/2022\/07\/Plan-de-Estudios-Tecnologia-11-Jul-22_page-0001-1110x1500.jpg 1110w, https:\/\/cotecnova.edu.co\/wp-content\/uploads\/2022\/07\/Plan-de-Estudios-Tecnologia-11-Jul-22_page-0001-522x705.jpg 522w, https:\/\/cotecnova.edu.co\/wp-content\/uploads\/2022\/07\/Plan-de-Estudios-Tecnologia-11-Jul-22_page-0001-450x608.jpg 450w\" sizes=\"auto, (max-width: 1205px) 100vw, 1205px\" \/><\/p>\n<\/div><\/div><\/section>\n<section class='av_tab_section av_tab_section av-2u9x0q-f24cb05e6337b8a06d447b4bd83f0abf'  itemscope=\"itemscope\" itemtype=\"https:\/\/schema.org\/CreativeWork\" ><div id='tab-id-4-tab' class='tab' role='tab' aria-selected=\"false\" tabindex=\"0\" data-fake-id='#tab-id-4' aria-controls='tab-id-4-content'  itemprop=\"headline\" ><span class='tab_icon avia-iconfont avia-font-entypo-fontello' data-av_icon='\ue854' data-av_iconfont='entypo-fontello' ><\/span>M\u00e1s Informaci\u00f3n<\/div><div id='tab-id-4-content' class='tab_content' role='tabpanel' aria-labelledby='tab-id-4-tab' aria-hidden=\"true\"><div class='tab_inner_content invers-color'  itemprop=\"text\" ><h3 style=\"text-align: center;\"><span style=\"color: #008000;\">M\u00e1s Informaci\u00f3n<\/span><\/h3>\n<p><strong>Tel\u00e9fono:<\/strong> (602) 213 4421 Ext. 101<\/p>\n<p><strong>Celular:<\/strong> <a href=\"https:\/\/wa.me\/573154338604\" target=\"_blank\" rel=\"noopener\">(+57) 315 433 8604<\/a><\/p>\n<p><strong>Correo:<\/strong> <a href=\"mailto:info@cotecnova.edu.co\">info@cotecnova.edu.co<\/a><\/p>\n<p>Calle 10 # 3-95 Cartago, Valle<\/p>\n<h5>Unidad de Ingenier\u00eda, Arquitectura, Urbanismo y afines<\/h5>\n<p><strong>Correo:\u00a0<\/strong><a href=\"mailto:ingsistemas@cotecnova.edu.co\">ingsistemas@cotecnova.edu.co<\/a><\/p>\n<\/div><\/div><\/section>\n<\/div><\/div>\n","protected":false},"excerpt":{"rendered":"","protected":false},"author":2,"featured_media":0,"parent":0,"menu_order":0,"comment_status":"closed","ping_status":"closed","template":"","meta":{"_joinchat":[],"footnotes":""},"class_list":["post-3530","page","type-page","status-publish","hentry"],"nelio_popups_active_popup":"","_links":{"self":[{"href":"https:\/\/cotecnova.edu.co\/index.php\/wp-json\/wp\/v2\/pages\/3530","targetHints":{"allow":["GET"]}}],"collection":[{"href":"https:\/\/cotecnova.edu.co\/index.php\/wp-json\/wp\/v2\/pages"}],"about":[{"href":"https:\/\/cotecnova.edu.co\/index.php\/wp-json\/wp\/v2\/types\/page"}],"author":[{"embeddable":true,"href":"https:\/\/cotecnova.edu.co\/index.php\/wp-json\/wp\/v2\/users\/2"}],"replies":[{"embeddable":true,"href":"https:\/\/cotecnova.edu.co\/index.php\/wp-json\/wp\/v2\/comments?post=3530"}],"version-history":[{"count":57,"href":"https:\/\/cotecnova.edu.co\/index.php\/wp-json\/wp\/v2\/pages\/3530\/revisions"}],"predecessor-version":[{"id":15713,"href":"https:\/\/cotecnova.edu.co\/index.php\/wp-json\/wp\/v2\/pages\/3530\/revisions\/15713"}],"wp:attachment":[{"href":"https:\/\/cotecnova.edu.co\/index.php\/wp-json\/wp\/v2\/media?parent=3530"}],"curies":[{"name":"wp","href":"https:\/\/api.w.org\/{rel}","templated":true}]}}