{"id":3933,"date":"2016-06-29T14:16:51","date_gmt":"2016-06-29T14:16:51","guid":{"rendered":"http:\/\/www.cotec.webcotecnova.site\/?page_id=3933"},"modified":"2026-03-05T07:42:41","modified_gmt":"2026-03-05T12:42:41","slug":"acudiente","status":"publish","type":"page","link":"https:\/\/cotecnova.edu.co\/index.php\/acudiente\/","title":{"rendered":"Acudiente"},"content":{"rendered":"<div id='full_slider_1'  class='avia-fullwidth-slider main_color avia-shadow   avia-builder-el-0  el_before_av_section  avia-builder-el-first   container_wrap fullsize'  ><div  class='avia-slideshow av-43f0f1-9152ed96b8cb5e4a92997311f9bb3ca2 avia-slideshow-no scaling av_slideshow_full avia-slide-slider av-slideshow-ui av-control-default av-slideshow-manual av-loop-once av-loop-manual-endless av-default-height-applied   avia-slideshow-1' data-slideshow-options=\"{&quot;animation&quot;:&quot;slide&quot;,&quot;autoplay&quot;:false,&quot;loop_autoplay&quot;:&quot;once&quot;,&quot;interval&quot;:5,&quot;loop_manual&quot;:&quot;manual-endless&quot;,&quot;autoplay_stopper&quot;:false,&quot;noNavigation&quot;:false,&quot;bg_slider&quot;:false,&quot;keep_padding&quot;:false,&quot;hoverpause&quot;:false,&quot;show_slide_delay&quot;:0}\"  itemprop=\"image\" itemscope=\"itemscope\" itemtype=\"https:\/\/schema.org\/ImageObject\" ><ul class='avia-slideshow-inner ' style='padding-bottom: 25.255562236921%;'><li  class='avia-slideshow-slide av-43f0f1-9152ed96b8cb5e4a92997311f9bb3ca2__0  av-single-slide slide-1 slide-odd'><div data-rel='slideshow-1' class='avia-slide-wrap '   ><img fetchpriority=\"high\" class=\"wp-image-4252 avia-img-lazy-loading-not-4252\"  src='https:\/\/cotecnova.edu.co\/wp-content\/uploads\/2016\/06\/banner-interno-acudiente.jpg' width='1663' height='420' title='banner interno acudiente' alt=''  itemprop=\"thumbnailUrl\"   \/><\/div><\/li><\/ul><\/div><\/div>\n\n<style type=\"text\/css\" data-created_by=\"avia_inline_auto\" id=\"style-css-av-112whwd-5e36e4e6ef592c8c57c4fec084e6b502\">\n.avia-section.av-112whwd-5e36e4e6ef592c8c57c4fec084e6b502{\nbackground-color:#005c2a;\nbackground-image:unset;\n}\n.avia-section.av-112whwd-5e36e4e6ef592c8c57c4fec084e6b502 .av-extra-border-element .av-extra-border-inner{\nbackground-color:#005c2a;\n}\n<\/style>\n<div id='av_section_1'  class='avia-section av-112whwd-5e36e4e6ef592c8c57c4fec084e6b502 main_color avia-section-small avia-shadow  avia-builder-el-1  el_after_av_slideshow_full  el_before_av_two_third  avia-bg-style-scroll av-arrow-down-section av-minimum-height av-minimum-height-custom av-height-custom  container_wrap fullsize'   data-av_minimum_height_px='20'><div class='container av-section-cont-open' style='height:20px'><div class='template-page content  av-content-full alpha units'><div class='post-entry post-entry-type-page post-entry-3933'><div class='entry-content-wrapper clearfix'>\n<div  class='flex_column av-yyudd9-00a36bc92ad90c37bfd604bcf1ead594 av_one_fifth  avia-builder-el-2  el_before_av_one_fifth  avia-builder-el-first  first flex_column_div  '     ><style type=\"text\/css\" data-created_by=\"avia_inline_auto\" id=\"style-css-av-xy62i5-56360263fc8f3187a476bfbb34cd9c4b\">\n.av_font_icon.av-xy62i5-56360263fc8f3187a476bfbb34cd9c4b{\ncolor:#ffffff;\nborder-color:#ffffff;\n}\n.avia-svg-icon.av-xy62i5-56360263fc8f3187a476bfbb34cd9c4b svg:first-child{\nstroke:#ffffff;\nfill:#ffffff;\n}\n.av_font_icon.av-xy62i5-56360263fc8f3187a476bfbb34cd9c4b .av-icon-char{\nfont-size:20px;\nline-height:20px;\nwidth:20px;\n}\n<\/style>\n<span  class='av_font_icon av-xy62i5-56360263fc8f3187a476bfbb34cd9c4b avia_animate_when_visible av-icon-style-border avia-icon-pos-center avia-iconfont avia-font-entypo-fontello avia-icon-animate'><a href='https:\/\/cotecnova.edu.co\/index.php\/aspirante\/'   class='av-icon-char' data-av_icon='\ue84d' data-av_iconfont='entypo-fontello' aria-hidden=\"false\" data-avia-icon-tooltip=\"&lt;br \/&gt;\nAspirante&lt;br \/&gt;\n\"><\/a><span class='av_icon_caption av-special-font'>Aspirante<\/span><\/span><\/div><div  class='flex_column av-w2j0gt-e8b88397cc9146dde53d05f1be8c5683 av_one_fifth  avia-builder-el-4  el_after_av_one_fifth  el_before_av_one_fifth  flex_column_div  '     ><style type=\"text\/css\" data-created_by=\"avia_inline_auto\" id=\"style-css-av-uj64n1-66dbea93598684847af2c35c93f956d4\">\n.av_font_icon.av-uj64n1-66dbea93598684847af2c35c93f956d4{\ncolor:#ffffff;\nborder-color:#ffffff;\n}\n.avia-svg-icon.av-uj64n1-66dbea93598684847af2c35c93f956d4 svg:first-child{\nstroke:#ffffff;\nfill:#ffffff;\n}\n.av_font_icon.av-uj64n1-66dbea93598684847af2c35c93f956d4 .av-icon-char{\nfont-size:20px;\nline-height:20px;\nwidth:20px;\n}\n<\/style>\n<span  class='av_font_icon av-uj64n1-66dbea93598684847af2c35c93f956d4 avia_animate_when_visible av-icon-style-border avia-icon-pos-center avia-iconfont avia-font-entypo-fontello avia-icon-animate'><a href='https:\/\/cotecnova.edu.co\/index.php\/estudiante\/'   class='av-icon-char' data-av_icon='\ue84f' data-av_iconfont='entypo-fontello' aria-hidden=\"false\" data-avia-icon-tooltip=\"&lt;br \/&gt;\nEstudiante&lt;br \/&gt;\n\"><\/a><span class='av_icon_caption av-special-font'>Estudiante<\/span><\/span><\/div><div  class='flex_column av-svj4z1-1fd0e89ce0501bd0875a6f2a7d22647b av_one_fifth  avia-builder-el-6  el_after_av_one_fifth  el_before_av_one_fifth  flex_column_div  '     ><style type=\"text\/css\" data-created_by=\"avia_inline_auto\" id=\"style-css-av-rvejzh-0290a9195ba8c97f357eb73481fa93bd\">\n.av_font_icon.av-rvejzh-0290a9195ba8c97f357eb73481fa93bd{\ncolor:#ffffff;\nborder-color:#ffffff;\n}\n.avia-svg-icon.av-rvejzh-0290a9195ba8c97f357eb73481fa93bd svg:first-child{\nstroke:#ffffff;\nfill:#ffffff;\n}\n.av_font_icon.av-rvejzh-0290a9195ba8c97f357eb73481fa93bd .av-icon-char{\nfont-size:20px;\nline-height:20px;\nwidth:20px;\n}\n<\/style>\n<span  class='av_font_icon av-rvejzh-0290a9195ba8c97f357eb73481fa93bd avia_animate_when_visible av-icon-style-border avia-icon-pos-center avia-iconfont avia-font-entypo-fontello avia-icon-animate'><a href='https:\/\/cotecnova.edu.co\/index.php\/docente\/'   class='av-icon-char' data-av_icon='\ue80a' data-av_iconfont='entypo-fontello' aria-hidden=\"false\" data-avia-icon-tooltip=\"&lt;br \/&gt;\nDocente&lt;br \/&gt;\n\"><\/a><span class='av_icon_caption av-special-font'>Docente<\/span><\/span><\/div><div  class='flex_column av-2m5kn1-b78b7d7af9545f5e652486646554dcf2 av_one_fifth  avia-builder-el-8  el_after_av_one_fifth  el_before_av_one_fifth  flex_column_div  '     ><style type=\"text\/css\" data-created_by=\"avia_inline_auto\" id=\"style-css-av-o19chp-06418715e1869cfebe15bbbef4839012\">\n.av_font_icon.av-o19chp-06418715e1869cfebe15bbbef4839012{\ncolor:#ffffff;\nborder-color:#ffffff;\n}\n.avia-svg-icon.av-o19chp-06418715e1869cfebe15bbbef4839012 svg:first-child{\nstroke:#ffffff;\nfill:#ffffff;\n}\n.av_font_icon.av-o19chp-06418715e1869cfebe15bbbef4839012 .av-icon-char{\nfont-size:20px;\nline-height:20px;\nwidth:20px;\n}\n<\/style>\n<span  class='av_font_icon av-o19chp-06418715e1869cfebe15bbbef4839012 avia_animate_when_visible av-icon-style-border avia-icon-pos-center avia-iconfont avia-font-entypo-fontello avia-icon-animate'><a href='https:\/\/cotecnova.edu.co\/index.php\/egresado\/'   class='av-icon-char' data-av_icon='\ue8c9' data-av_iconfont='entypo-fontello' aria-hidden=\"false\" data-avia-icon-tooltip=\"&lt;br \/&gt;\nEgresado&lt;br \/&gt;\n\"><\/a><span class='av_icon_caption av-special-font'>Egresado<\/span><\/span><\/div><div  class='flex_column av-n1ku7h-18ac2aedd6adf232059f4d2f7a86defc av_one_fifth  avia-builder-el-10  el_after_av_one_fifth  avia-builder-el-last  flex_column_div  '     ><style type=\"text\/css\" data-created_by=\"avia_inline_auto\" id=\"style-css-av-kso13h-c8306644bb21ddddb94815ab0cd90c6b\">\n.av_font_icon.av-kso13h-c8306644bb21ddddb94815ab0cd90c6b{\ncolor:#ffffff;\nborder-color:#ffffff;\n}\n.avia-svg-icon.av-kso13h-c8306644bb21ddddb94815ab0cd90c6b svg:first-child{\nstroke:#ffffff;\nfill:#ffffff;\n}\n.av_font_icon.av-kso13h-c8306644bb21ddddb94815ab0cd90c6b .av-icon-char{\nfont-size:20px;\nline-height:20px;\nwidth:20px;\n}\n<\/style>\n<span  class='av_font_icon av-kso13h-c8306644bb21ddddb94815ab0cd90c6b avia_animate_when_visible av-icon-style-border avia-icon-pos-center avia-iconfont avia-font-entypo-fontello avia-icon-animate'><a href='https:\/\/cotecnova.edu.co\/index.php\/acudiente\/'   class='av-icon-char' data-av_icon='\ue80b' data-av_iconfont='entypo-fontello' aria-hidden=\"false\" data-avia-icon-tooltip=\"&lt;br \/&gt;\nAcudiente&lt;br \/&gt;\n\"><\/a><span class='av_icon_caption av-special-font'>Acudiente<\/span><\/span><\/div>\n<\/div><\/div><\/div><!-- close content main div --><\/div><div class='av-extra-border-element border-extra-arrow-down'><div class='av-extra-border-outer'><div class='av-extra-border-inner'><\/div><\/div><\/div><\/div><div id='after_section_1'  class='main_color av_default_container_wrap container_wrap fullsize'  ><div class='container av-section-cont-open' ><div class='template-page content  av-content-full alpha units'><div class='post-entry post-entry-type-page post-entry-3933'><div class='entry-content-wrapper clearfix'>\n<div  class='flex_column av-6qxbh-515248790486106ce2308e9d9ade5dff av_two_third  avia-builder-el-12  el_after_av_section  el_before_av_one_third  avia-builder-el-first  first flex_column_div  '     ><div  class='tabcontainer av-6af6l-ac9a30e0ef4f11ba973bddce70f5ac54 sidebar_tab sidebar_tab_left  avia-builder-el-13  avia-builder-el-no-sibling  border_tabs'>\n<section class='av_tab_section av_tab_section av-28adyl-62bf1a644997ec4912038c8bae76257f'  itemscope=\"itemscope\" itemtype=\"https:\/\/schema.org\/CreativeWork\" ><div id='tab-id-1-tab' class='tab active_tab' role='tab' aria-selected=\"true\" tabindex=\"0\" data-fake-id='#tab-id-1' aria-controls='tab-id-1-content'  itemprop=\"headline\" ><span class='tab_icon avia-iconfont avia-font-entypo-fontello' data-av_icon='\ue85b' data-av_iconfont='entypo-fontello' ><\/span>Calendario<\/div><div id='tab-id-1-content' class='tab_content active_tab_content' role='tabpanel' aria-labelledby='tab-id-1-tab' aria-hidden=\"false\"><div class='tab_inner_content invers-color'  itemprop=\"text\" ><p style=\"text-align: center;\"><strong>CALENDARIO ACAD\u00c9MICO<\/strong><\/p>\n<p style=\"text-align: center;\"><strong>PERIODO 01-2026<\/strong><\/p>\n<p style=\"text-align: center;\"><strong>PROGRAMAS PRESENCIALES<\/strong><\/p>\n<p><strong>INICIACION DE CLASES: <\/strong>febrero 9 de 2026.<\/p>\n<p><strong>ADICIONES Y CANCELACIONES: <\/strong>hasta marzo 7 de 2026.<\/p>\n<p><strong>PRIMEROS PARCIALES: <\/strong>marzo 9 a 20 de 2026.<\/p>\n<p><strong>SEGUNDOS PARCIALES: <\/strong>entre abril 20 y 30 de 2026.<\/p>\n<p><strong>FINALIZACION DE CLASES: <\/strong>mayo 22 de 2026.<\/p>\n<p><strong>RECUPERACION DE CLASES: <\/strong>mayo 25 a 29 de 2026 (En horario de clase).<\/p>\n<p><strong>PRUEBAS OPCIONALES: <\/strong>mayo 28 y 29\u00a0 de 2026.<\/p>\n<p><strong>EXAMENES FINALES: <\/strong>junio 1 a junio 12 de 2026.<\/p>\n<p><strong>ENTREGA DE NOTAS A REGISTRO Y CONTROL: <\/strong>fecha limite junio 19 de 2026.<\/p>\n<p><strong>HABILITACIONES: <\/strong>junio 25 y 26 de 2026.<\/p>\n<p style=\"text-align: center;\"><strong>PROGRAMAS PRESENCIALES Y<\/strong><\/p>\n<p style=\"text-align: center;\"><strong>A DISTANCIA<\/strong><\/p>\n<p style=\"text-align: center;\"><strong>JORNADA SABATINA<\/strong><\/p>\n<p><strong>BLOQUE I<\/strong><\/p>\n<p><strong>INICIACION DE CLASES:<\/strong> febrero 7 de 2026.<\/p>\n<p><strong>ADICIONES Y CANCELACIONES:<\/strong> hasta marzo 7 de 2026.<\/p>\n<p><strong>FINALIZACI\u00d3N DE CLASES:<\/strong> marzo 28 de 2026.<\/p>\n<p><strong>ENTREGA DE NOTAS A REGISTRO Y CONTROL:<\/strong> Fecha l\u00edmite abril 10 de 2026.<\/p>\n<p><strong>BLOQUE II<\/strong><\/p>\n<p><strong>INICIACION DE CLASES:<\/strong> abril 11 de 2026.<\/p>\n<p><strong>FINALIZACI\u00d3N DE CLASES:<\/strong> mayo 30 de 2026.<\/p>\n<p><strong>RECUPERACION DE CLASES:<\/strong> junio 6 de 2026.<\/p>\n<p><strong>ENTREGA DE NOTAS A REGISTRO Y CONTROL:<\/strong> fecha limite junio 13 de 2026.<\/p>\n<p><strong>HABILITACIONES:<\/strong> junio 25 y 26 de 2026.<\/p>\n<p style=\"text-align: center;\"><strong>MODALIDAD CONCENTRADA<\/strong><\/p>\n<p style=\"text-align: center;\"><strong>FINES DE SEMANA<\/strong><\/p>\n<p style=\"text-align: center;\"><strong>PROGRAMA ADMINISTRACI\u00d3N AGROPECUARIA POR CICLOS PROPED\u00c9UTICOS \u2013 PLAN DE TRANSICI\u00d3N<\/strong><\/p>\n<p><strong>BLOQUE I<\/strong><\/p>\n<p>INICIACION DE CLASES: febrero 6 y 7 de 2026.<\/p>\n<p>ADICIONES Y CANCELACIONES: hasta marzo 7 de 2026.<\/p>\n<p>FINALIZACI\u00d3N DE CLASES: marzo 27\u00a0 y 28 de 2026.<\/p>\n<p>ENTREGA DE NOTAS A REGISTRO Y CONTROL: Fecha l\u00edmite abril 10 de 2026.<\/p>\n<p><strong>BLOQUE II<\/strong><\/p>\n<p><strong>INICIACION DE CLASES:<\/strong> abril 10 y 11 de 2026.<\/p>\n<p><strong>FINALIZACI\u00d3N DE CLASES:<\/strong> mayo 29 y\u00a0 30 de 2026.<\/p>\n<p><strong>RECUPERACI\u00d3N DE CLASES:<\/strong> junio 5\u00a0 y 6 de 2026.<\/p>\n<p><strong>ENTREGA DE NOTAS A REGISTRO Y CONTROL:<\/strong> fecha limite junio 13 de 2026.<\/p>\n<p><strong>HABILITACIONES:<\/strong> junio 25 y 26 de 2026.<\/p>\n<hr \/>\n<p><a href=\"https:\/\/cotecnova.edu.co\/wp-content\/uploads\/2025\/10\/ACUERDO-010-DE-2025.pdf\">CALENDARIO ACAD\u00c9MICO 2026<\/a><\/p>\n<p><a href=\"https:\/\/cotecnova.edu.co\/wp-content\/uploads\/2025\/12\/ACUERDO-016-2025.pdf\" target=\"_blank\" rel=\"noopener\">CALENDARIO ACAD\u00c9MICO ESPECIALIZACI\u00d3N 2026<\/a><\/p>\n<p><a href=\"https:\/\/cotecnova.edu.co\/wp-content\/uploads\/2026\/02\/ACUERDO-01-2026-POR-EL-CUAL-SE-MODIFICA-EL-CALENDARIO-ACADEMICO-202.pdf\" target=\"_blank\" rel=\"noopener\">CALENDARIO ACAD\u00c9MICO &#8211; MATR\u00cdCULA FINANCIERA 2026<\/a><\/p>\n<\/div><\/div><\/section>\n<section class='av_tab_section av_tab_section av-2462gd-9ba83e325543a112c997f53dc8939b08'  itemscope=\"itemscope\" itemtype=\"https:\/\/schema.org\/CreativeWork\" ><div id='tab-id-2-tab' class='tab' role='tab' aria-selected=\"false\" tabindex=\"0\" data-fake-id='#tab-id-2' aria-controls='tab-id-2-content'  itemprop=\"headline\" ><span class='tab_icon avia-iconfont avia-font-entypo-fontello' data-av_icon='\ue84c' data-av_iconfont='entypo-fontello' ><\/span>Cr\u00e9dito Estudiantil<\/div><div id='tab-id-2-content' class='tab_content' role='tabpanel' aria-labelledby='tab-id-2-tab' aria-hidden=\"true\"><div class='tab_inner_content invers-color'  itemprop=\"text\" ><p><a href=\"https:\/\/cotecnova.edu.co\/index.php\/creditos-financieros\">Consulta Informaci\u00f3n acerca de los diferentes Cr\u00e9ditos Financieros.<\/a><\/p>\n<\/div><\/div><\/section>\n<section class='av_tab_section av_tab_section av-2yp6ct-55b81552acf71bb194e3ca47b35694a1'  itemscope=\"itemscope\" itemtype=\"https:\/\/schema.org\/CreativeWork\" ><div id='tab-id-3-tab' class='tab' role='tab' aria-selected=\"false\" tabindex=\"0\" data-fake-id='#tab-id-3' aria-controls='tab-id-3-content'  itemprop=\"headline\" ><span class='tab_icon avia-iconfont avia-font-entypo-fontello' data-av_icon='\ue803' data-av_iconfont='entypo-fontello' ><\/span>Fechas de Matr\u00edculas<\/div><div id='tab-id-3-content' class='tab_content' role='tabpanel' aria-labelledby='tab-id-3-tab' aria-hidden=\"true\"><div class='tab_inner_content invers-color'  itemprop=\"text\" ><p style=\"text-align: center;\"><strong>ESTUDIANTES ANTIGUOS PROGRAMAS PRESENCIALES:<\/strong><\/p>\n<p><strong>MATR\u00cdCULA FINANCIERA: <\/strong><\/p>\n<p><strong>a) Ordinaria<\/strong><\/p>\n<ul>\n<li>diciembre 15 de 2025 a enero 31 de 2026.<\/li>\n<\/ul>\n<p><strong>b) Extempor\u00e1nea<\/strong><\/p>\n<ul>\n<li>febrero 2 al 7 de 2026 &#8211;\u00a0 \u2013 Incremento del 5%.<\/li>\n<li>febrero 9 al 14 de 2026 &#8211; Incremento del 7%.<\/li>\n<li>febrero 18 de 2026 (Cierre definitivo de matr\u00edcula financiera).<\/li>\n<\/ul>\n<p><strong>MATR\u00cdCULA ACAD\u00c9MICA: <\/strong><\/p>\n<p><strong>VI &#8211; X SEMESTRE: <\/strong>enero 26 de 2026.<\/p>\n<p><strong>V SEMESTRE<\/strong>: enero 27 de 2026.<\/p>\n<p><strong>IV SEMESTRE: <\/strong>enero 28 de 2026.<\/p>\n<p><strong>III SEMESTRE<\/strong>: enero 29 de 2026.<\/p>\n<p><strong>II SEMESTRE<\/strong>: enero 30 de 2026.<\/p>\n<p><strong>INICIACI\u00d3N DE CLASES<\/strong>:<\/p>\n<ul>\n<li>febrero 09 de 2026.<\/li>\n<\/ul>\n<hr \/>\n<p style=\"text-align: center;\"><strong>ESTUDIANTES ANTIGUOS PROGRAMAS A DISTANCIA(CEAD):<\/strong><\/p>\n<p><strong>MATR\u00cdCULA FINANCIERA: <\/strong><\/p>\n<p><strong>a) Ordinaria<\/strong><\/p>\n<ul>\n<li>diciembre 15 de 2025 a enero 31 de 2026.<\/li>\n<\/ul>\n<p><strong>b) Extempor\u00e1nea<\/strong><\/p>\n<ul>\n<li>febrero 2 al 7 de 2026 &#8211;\u00a0 \u2013 Incremento del 5%.<\/li>\n<li>febrero 9 al 14 de 2026 &#8211; Incremento del 7%.<\/li>\n<li>febrero 18 de 2026 (Cierre definitivo de matr\u00edcula financiera).<\/li>\n<\/ul>\n<p><strong>MATR\u00cdCULA ACAD\u00c9MICA:<\/strong><\/p>\n<ul>\n<li>enero 26 al 31 de 2026.<\/li>\n<\/ul>\n<p><strong>INICIACI\u00d3N DE CLASES:<\/strong><\/p>\n<ul>\n<li>Ciclos profesionales s\u00e1bado: febrero 7 de 2026.<\/li>\n<\/ul>\n<hr \/>\n<p><strong>Nota: <\/strong>Se informa a los estudiantes que para evitar acciones jur\u00eddicas (Tutelas), la Corporaci\u00f3n de Estudios Tecnol\u00f3gicos del Norte del Valle, para el periodo 01-2026, se ce\u00f1ir\u00e1 rigurosamente a las <strong>FECHAS<\/strong> establecidas en el calendario acad\u00e9mico para la Matr\u00edcula Financiera y Acad\u00e9mica. Quiere decir esto, que, <strong>SIN EXCEPCI\u00d3N<\/strong>, no habr\u00e1 plazos adicionales para dichos\u00a0\u00a0 procesos.<\/p>\n<p><strong>Par\u00e1grafo 1:<\/strong> Los estudiantes que no realicen su matr\u00edcula financiera en las fechas establecidas, pagar\u00e1n la sanci\u00f3n de extemporaneidad.<\/p>\n<p><strong>Par\u00e1grafo 2:<\/strong> Los estudiantes que se encuentren a la espera de resultados de comit\u00e9s de cr\u00e9dito de ICETEX, realizar\u00e1n la matr\u00edcula acad\u00e9mica posterior al proceso de legalizaci\u00f3n de cr\u00e9dito y deben cumplir con las directrices acad\u00e9micas previamente establecidas.<\/p>\n<p><strong>Par\u00e1grafo\u00a0 3:<\/strong> Los casos especiales que superen las fechas establecidas en este Acuerdo ser\u00e1n estudiados por la Vicerrector\u00eda Acad\u00e9mica y\/o Rector\u00eda seg\u00fan sea el caso. La realizaci\u00f3n de la matricula por fuera de las fechas establecidas no lo exime de las sanciones.<\/p>\n<p><strong>Par\u00e1grafo 4:<\/strong> Las matr\u00edculas a los cursos est\u00e1n supeditadas a la disponibilidad de los cupos establecidos.<\/p>\n<\/div><\/div><\/section>\n<\/div><\/div>\n<style type=\"text\/css\" data-created_by=\"avia_inline_auto\" id=\"style-css-av-xm04t-0f93c80516bb632c8bd13f3dbe52fe92\">\n.flex_column.av-xm04t-0f93c80516bb632c8bd13f3dbe52fe92{\nborder-radius:0px 0px 0px 0px;\npadding:0px 0px 0px 0px;\n}\n<\/style>\n<div  class='flex_column av-xm04t-0f93c80516bb632c8bd13f3dbe52fe92 av_one_third  avia-builder-el-14  el_after_av_two_third  avia-builder-el-last  flex_column_div av-zero-column-padding  '     ><p><div  class='av-catalogue-container av-6x4299-0623e9afa924a2f0675ae2eed704d314  avia-builder-el-15  el_before_av_catalogue  avia-builder-el-first '><ul class='av-catalogue-list'>\n<li><a href=\"http:\/\/www.recibo.appcotecnova.es\"  class='av-catalogue-item av-1y0vhp-5f5aba4367cb7aaca44c8a7da9d59224' ><img loading=\"lazy\" src='https:\/\/cotecnova.edu.co\/wp-content\/uploads\/2020\/10\/descarga-2-180x167.png' title='descarga (2)' alt='' class='wp-image-9733 avia-img-lazy-loading-9733 av-catalogue-image' \/><div class=\"av-catalogue-item-inner\"><div class=\"av-catalogue-title-container\"><div class='av-catalogue-title'>Recibos de Pago<\/div><div class='av-catalogue-price'><\/div><\/div><div class=\"av-catalogue-content\"><\/div><\/div><\/a><\/li>\n<li><a href=\"https:\/\/cotecnova.edu.co\/index.php\/reglamentos-estatutos\/\"  class='av-catalogue-item av-3aawxp-1b732cea22715a2fd69e403a3d6c404f' ><img loading=\"lazy\" src='https:\/\/cotecnova.edu.co\/wp-content\/uploads\/2020\/10\/descarga-1-180x180.png' title='descarga (1)' alt='' class='wp-image-9727 avia-img-lazy-loading-9727 av-catalogue-image' \/><div class=\"av-catalogue-item-inner\"><div class=\"av-catalogue-title-container\"><div class='av-catalogue-title'>Reglamentos y Estatutos<\/div><div class='av-catalogue-price'><\/div><\/div><div class=\"av-catalogue-content\"><\/div><\/div><\/a><\/li>\n<li><a href=\"https:\/\/cotecnova.edu.co\/index.php\/quienes-somos\/\"  class='av-catalogue-item av-38awcd-bbe9898252f4aa1bd29ad80239e7c003' ><img loading=\"lazy\" src='https:\/\/cotecnova.edu.co\/wp-content\/uploads\/2020\/10\/kisspng-computer-icons-computer-security-safety-protective-shield-5ae588e69ef334.1532686215249922306511-180x180.jpg' title='kisspng-computer-icons-computer-security-safety-protective-shield-5ae588e69ef334.1532686215249922306511' alt='' class='wp-image-9729 avia-img-lazy-loading-9729 av-catalogue-image' \/><div class=\"av-catalogue-item-inner\"><div class=\"av-catalogue-title-container\"><div class='av-catalogue-title'>Conozca Cotecnova<\/div><div class='av-catalogue-price'><\/div><\/div><div class=\"av-catalogue-content\"><\/div><\/div><\/a><\/li>\n<li><a href=\"http:\/\/www.cnotas.appcotecnova.es\/servicios\/login\/app_login_estudiante\/\"  class='av-catalogue-item av-356sul-ca30ea8edbccf1584a30fd93a768700e' ><img loading=\"lazy\" src='https:\/\/cotecnova.edu.co\/wp-content\/uploads\/2020\/10\/kisspng-graduation-ceremony-academic-degree-graduate-unive-college-icon-5b2426cbbbbd65.625937401529095883769-180x180.jpg' title='kisspng-graduation-ceremony-academic-degree-graduate-unive-college-icon-5b2426cbbbbd65.625937401529095883769' alt='' class='wp-image-9725 avia-img-lazy-loading-9725 av-catalogue-image' \/><div class=\"av-catalogue-item-inner\"><div class=\"av-catalogue-title-container\"><div class='av-catalogue-title'>Calificaciones del estudiante<\/div><div class='av-catalogue-price'><\/div><\/div><div class=\"av-catalogue-content\"><\/div><\/div><\/a><\/li>\n<li><a href=\"https:\/\/cotecnova.edu.co\/wp-content\/uploads\/2020\/08\/ProtocoloBioseguridadCOVID19_V2_.pdf\"  target=\"_blank\"  rel=\"noopener noreferrer\" class='av-catalogue-item av-25xxu5-4cb0e30eafc00de78f318ebaffc236a0' ><img loading=\"lazy\" src='https:\/\/cotecnova.edu.co\/wp-content\/uploads\/2020\/10\/png-transparent-computer-icons-private-miscellaneous-black-and-white-thumbnail-180x180.png' title='png-transparent-computer-icons-private-miscellaneous-black-and-white-thumbnail' alt='' class='wp-image-9716 avia-img-lazy-loading-9716 av-catalogue-image' \/><div class=\"av-catalogue-item-inner\"><div class=\"av-catalogue-title-container\"><div class='av-catalogue-title'>Protocolo de Bioseguridad<\/div><div class='av-catalogue-price'><\/div><\/div><div class=\"av-catalogue-content\"><\/div><\/div><\/a><\/li>\n<\/ul><\/div><br \/>\n<div  class='av-catalogue-container av-iwtgzs-a758ff5284e5b437373faa89154fb934  avia-builder-el-16  el_after_av_catalogue  avia-builder-el-last '><ul class='av-catalogue-list'>\n<li><a href=\"https:\/\/cotecnova.edu.co\/index.php\/politica-de-privacidad\/\"  target=\"_blank\"  rel=\"noopener noreferrer\" class='av-catalogue-item av-33isco-fb2c8d7598e8dab5372b0411e9e05194' ><img loading=\"lazy\" src='https:\/\/cotecnova.edu.co\/wp-content\/uploads\/2020\/10\/png-transparent-computer-icons-private-miscellaneous-black-and-white-thumbnail-180x180.png' title='png-transparent-computer-icons-private-miscellaneous-black-and-white-thumbnail' alt='' class='wp-image-9716 avia-img-lazy-loading-9716 av-catalogue-image' \/><div class=\"av-catalogue-item-inner\"><div class=\"av-catalogue-title-container\"><div class='av-catalogue-title'>Pol\u00edtica de Privacidad<\/div><div class='av-catalogue-price'><\/div><\/div><div class=\"av-catalogue-content\"><\/div><\/div><\/a><\/li>\n<\/ul><\/div><\/p><\/div><\/p>\n","protected":false},"excerpt":{"rendered":"","protected":false},"author":2,"featured_media":0,"parent":0,"menu_order":0,"comment_status":"closed","ping_status":"closed","template":"","meta":{"_joinchat":[],"footnotes":""},"class_list":["post-3933","page","type-page","status-publish","hentry"],"nelio_popups_active_popup":"","_links":{"self":[{"href":"https:\/\/cotecnova.edu.co\/index.php\/wp-json\/wp\/v2\/pages\/3933","targetHints":{"allow":["GET"]}}],"collection":[{"href":"https:\/\/cotecnova.edu.co\/index.php\/wp-json\/wp\/v2\/pages"}],"about":[{"href":"https:\/\/cotecnova.edu.co\/index.php\/wp-json\/wp\/v2\/types\/page"}],"author":[{"embeddable":true,"href":"https:\/\/cotecnova.edu.co\/index.php\/wp-json\/wp\/v2\/users\/2"}],"replies":[{"embeddable":true,"href":"https:\/\/cotecnova.edu.co\/index.php\/wp-json\/wp\/v2\/comments?post=3933"}],"version-history":[{"count":158,"href":"https:\/\/cotecnova.edu.co\/index.php\/wp-json\/wp\/v2\/pages\/3933\/revisions"}],"predecessor-version":[{"id":15772,"href":"https:\/\/cotecnova.edu.co\/index.php\/wp-json\/wp\/v2\/pages\/3933\/revisions\/15772"}],"wp:attachment":[{"href":"https:\/\/cotecnova.edu.co\/index.php\/wp-json\/wp\/v2\/media?parent=3933"}],"curies":[{"name":"wp","href":"https:\/\/api.w.org\/{rel}","templated":true}]}}