{"id":4677,"date":"2016-10-06T17:53:46","date_gmt":"2016-10-06T22:53:46","guid":{"rendered":"http:\/\/www.webcotecnova.site\/?page_id=4677"},"modified":"2025-08-11T15:12:30","modified_gmt":"2025-08-11T20:12:30","slug":"politica-de-privacidad","status":"publish","type":"page","link":"https:\/\/cotecnova.edu.co\/index.php\/politica-de-privacidad\/","title":{"rendered":"Pol\u00edtica de Privacidad"},"content":{"rendered":"<div id='full_slider_1'  class='avia-fullwidth-slider main_color avia-shadow   avia-builder-el-0  el_before_av_section  avia-builder-el-first   container_wrap fullsize'  ><\/div>\n\n<style type=\"text\/css\" data-created_by=\"avia_inline_auto\" id=\"style-css-av-p9d5k5-e89ff9192e2969576d95f23f6876eacb\">\n.avia-section.av-p9d5k5-e89ff9192e2969576d95f23f6876eacb{\nbackground-color:#005c2a;\nbackground-image:unset;\n}\n.avia-section.av-p9d5k5-e89ff9192e2969576d95f23f6876eacb .av-extra-border-element .av-extra-border-inner{\nbackground-color:#005c2a;\n}\n<\/style>\n<div id='av_section_1'  class='avia-section av-p9d5k5-e89ff9192e2969576d95f23f6876eacb main_color avia-section-small avia-shadow  avia-builder-el-1  el_after_av_slideshow_full  el_before_av_hr  avia-bg-style-scroll av-arrow-down-section av-minimum-height av-minimum-height-custom av-height-custom  container_wrap fullsize'   data-av_minimum_height_px='20'><div class='container av-section-cont-open' style='height:20px'><div class='template-page content  av-content-full alpha units'><div class='post-entry post-entry-type-page post-entry-4677'><div class='entry-content-wrapper clearfix'>\n<div  class='flex_column av-o6krhx-f853b249c5850fb7a793e0c59f3321fd av_one_fifth  avia-builder-el-2  el_before_av_one_fifth  avia-builder-el-first  first flex_column_div  '     ><style type=\"text\/css\" data-created_by=\"avia_inline_auto\" id=\"style-css-av-lo7lat-e6e35318394cf5a6d80c7096ba8012ae\">\n.av_font_icon.av-lo7lat-e6e35318394cf5a6d80c7096ba8012ae{\ncolor:#ffffff;\nborder-color:#ffffff;\n}\n.avia-svg-icon.av-lo7lat-e6e35318394cf5a6d80c7096ba8012ae svg:first-child{\nstroke:#ffffff;\nfill:#ffffff;\n}\n.av_font_icon.av-lo7lat-e6e35318394cf5a6d80c7096ba8012ae .av-icon-char{\nfont-size:20px;\nline-height:20px;\nwidth:20px;\n}\n<\/style>\n<span  class='av_font_icon av-lo7lat-e6e35318394cf5a6d80c7096ba8012ae avia_animate_when_visible av-icon-style-border avia-icon-pos-center avia-iconfont avia-font-entypo-fontello avia-icon-animate'><a href='https:\/\/cotecnova.edu.co\/index.php\/aspirante\/'   class='av-icon-char' data-av_icon='\ue84d' data-av_iconfont='entypo-fontello' aria-hidden=\"false\" data-avia-icon-tooltip=\"&lt;br \/&gt;\nAspirante&lt;br \/&gt;\n\"><\/a><span class='av_icon_caption av-special-font'>Aspirante<\/span><\/span><\/div><div  class='flex_column av-l2xrut-ae40bb1b556d24babec5e89baf530817 av_one_fifth  avia-builder-el-4  el_after_av_one_fifth  el_before_av_one_fifth  flex_column_div  '     ><style type=\"text\/css\" data-created_by=\"avia_inline_auto\" id=\"style-css-av-j1ulmt-237b23d06e44d9776b2ad4eacfc75ee1\">\n.av_font_icon.av-j1ulmt-237b23d06e44d9776b2ad4eacfc75ee1{\ncolor:#ffffff;\nborder-color:#ffffff;\n}\n.avia-svg-icon.av-j1ulmt-237b23d06e44d9776b2ad4eacfc75ee1 svg:first-child{\nstroke:#ffffff;\nfill:#ffffff;\n}\n.av_font_icon.av-j1ulmt-237b23d06e44d9776b2ad4eacfc75ee1 .av-icon-char{\nfont-size:20px;\nline-height:20px;\nwidth:20px;\n}\n<\/style>\n<span  class='av_font_icon av-j1ulmt-237b23d06e44d9776b2ad4eacfc75ee1 avia_animate_when_visible av-icon-style-border avia-icon-pos-center avia-iconfont avia-font-entypo-fontello avia-icon-animate'><a href='https:\/\/cotecnova.edu.co\/index.php\/estudiante\/'   class='av-icon-char' data-av_icon='\ue84f' data-av_iconfont='entypo-fontello' aria-hidden=\"false\" data-avia-icon-tooltip=\"&lt;br \/&gt;\nEstudiante&lt;br \/&gt;\n\"><\/a><span class='av_icon_caption av-special-font'>Estudiante<\/span><\/span><\/div><div  class='flex_column av-6a0bp-f0a0d8d8d26fbebaa34b3e8612a2a280 av_one_fifth  avia-builder-el-6  el_after_av_one_fifth  el_before_av_one_fifth  flex_column_div  '     ><style type=\"text\/css\" data-created_by=\"avia_inline_auto\" id=\"style-css-av-fhkjmt-b5b46f86d85fd386a48948b9d0a6c860\">\n.av_font_icon.av-fhkjmt-b5b46f86d85fd386a48948b9d0a6c860{\ncolor:#ffffff;\nborder-color:#ffffff;\n}\n.avia-svg-icon.av-fhkjmt-b5b46f86d85fd386a48948b9d0a6c860 svg:first-child{\nstroke:#ffffff;\nfill:#ffffff;\n}\n.av_font_icon.av-fhkjmt-b5b46f86d85fd386a48948b9d0a6c860 .av-icon-char{\nfont-size:20px;\nline-height:20px;\nwidth:20px;\n}\n<\/style>\n<span  class='av_font_icon av-fhkjmt-b5b46f86d85fd386a48948b9d0a6c860 avia_animate_when_visible av-icon-style-border avia-icon-pos-center avia-iconfont avia-font-entypo-fontello avia-icon-animate'><a href='https:\/\/cotecnova.edu.co\/index.php\/docente\/'   class='av-icon-char' data-av_icon='\ue80a' data-av_iconfont='entypo-fontello' aria-hidden=\"false\" data-avia-icon-tooltip=\"&lt;br \/&gt;\nDocente&lt;br \/&gt;\n\"><\/a><span class='av_icon_caption av-special-font'>Docente<\/span><\/span><\/div><div  class='flex_column av-eujpo5-0359c205a371c00088c061f071163042 av_one_fifth  avia-builder-el-8  el_after_av_one_fifth  el_before_av_one_fifth  flex_column_div  '     ><style type=\"text\/css\" data-created_by=\"avia_inline_auto\" id=\"style-css-av-ca8vr9-5d6aa45d0d5571f3631d331246ab50a6\">\n.av_font_icon.av-ca8vr9-5d6aa45d0d5571f3631d331246ab50a6{\ncolor:#ffffff;\nborder-color:#ffffff;\n}\n.avia-svg-icon.av-ca8vr9-5d6aa45d0d5571f3631d331246ab50a6 svg:first-child{\nstroke:#ffffff;\nfill:#ffffff;\n}\n.av_font_icon.av-ca8vr9-5d6aa45d0d5571f3631d331246ab50a6 .av-icon-char{\nfont-size:20px;\nline-height:20px;\nwidth:20px;\n}\n<\/style>\n<span  class='av_font_icon av-ca8vr9-5d6aa45d0d5571f3631d331246ab50a6 avia_animate_when_visible av-icon-style-border avia-icon-pos-center avia-iconfont avia-font-entypo-fontello avia-icon-animate'><a href='https:\/\/cotecnova.edu.co\/index.php\/egresado\/'   class='av-icon-char' data-av_icon='\ue8c9' data-av_iconfont='entypo-fontello' aria-hidden=\"false\" data-avia-icon-tooltip=\"&lt;br \/&gt;\nEgresado&lt;br \/&gt;\n\"><\/a><span class='av_icon_caption av-special-font'>Egresado<\/span><\/span><\/div><div  class='flex_column av-atn8gl-ab1e382288200103131a0ab7c0e94b3b av_one_fifth  avia-builder-el-10  el_after_av_one_fifth  avia-builder-el-last  flex_column_div  '     ><style type=\"text\/css\" data-created_by=\"avia_inline_auto\" id=\"style-css-av-8idrid-306930638aaa332dd222132c892eb1bd\">\n.av_font_icon.av-8idrid-306930638aaa332dd222132c892eb1bd{\ncolor:#ffffff;\nborder-color:#ffffff;\n}\n.avia-svg-icon.av-8idrid-306930638aaa332dd222132c892eb1bd svg:first-child{\nstroke:#ffffff;\nfill:#ffffff;\n}\n.av_font_icon.av-8idrid-306930638aaa332dd222132c892eb1bd .av-icon-char{\nfont-size:20px;\nline-height:20px;\nwidth:20px;\n}\n<\/style>\n<span  class='av_font_icon av-8idrid-306930638aaa332dd222132c892eb1bd avia_animate_when_visible av-icon-style-border avia-icon-pos-center avia-iconfont avia-font-entypo-fontello avia-icon-animate'><a href='https:\/\/cotecnova.edu.co\/index.php\/acudiente\/'   class='av-icon-char' data-av_icon='\ue80b' data-av_iconfont='entypo-fontello' aria-hidden=\"false\" data-avia-icon-tooltip=\"&lt;br \/&gt;\nAcudiente&lt;br \/&gt;\n\"><\/a><span class='av_icon_caption av-special-font'>Acudiente<\/span><\/span><\/div>\n<\/div><\/div><\/div><!-- close content main div --><\/div><div class='av-extra-border-element border-extra-arrow-down'><div class='av-extra-border-outer'><div class='av-extra-border-inner'><\/div><\/div><\/div><\/div><div id='after_section_1'  class='main_color av_default_container_wrap container_wrap fullsize'  ><div class='container av-section-cont-open' ><div class='template-page content  av-content-full alpha units'><div class='post-entry post-entry-type-page post-entry-4677'><div class='entry-content-wrapper clearfix'>\n<div  class='hr av-5594hh-bad7ed07f3fafeca7a9cb9621492fb6c hr-default  avia-builder-el-12  el_after_av_section  el_before_av_one_full  avia-builder-el-first '><span class='hr-inner '><span class=\"hr-inner-style\"><\/span><\/span><\/div>\n<div  class='flex_column av-4bbnwl-3c6cd146b5c9b42bbdaf990a20d82c41 av_one_full  avia-builder-el-13  el_after_av_hr  avia-builder-el-last  first flex_column_div  '     ><section  class='av_textblock_section av-2xrjid-b02c1ce0dca48588451fbb9dd512dd60 '   itemscope=\"itemscope\" itemtype=\"https:\/\/schema.org\/CreativeWork\" ><div class='avia_textblock'  itemprop=\"text\" ><h1 style=\"text-align: center;\">Pol\u00edtica de privacidad\u00a0Corporaci\u00f3n de Estudios Tecnol\u00f3gicos del Norte del Valle<\/h1>\n<h3 style=\"text-align: justify;\"><\/h3>\n<h3 style=\"text-align: justify;\"><\/h3>\n<h3 style=\"text-align: justify;\"><\/h3>\n<hr \/>\n<h3 style=\"text-align: justify;\"><strong style=\"color: #000000; font-size: 16px;\">Pol\u00edtica de Tratamiento de Datos Personales<\/strong><\/h3>\n<p style=\"text-align: justify;\">La siguiente pol\u00edtica establece los t\u00e9rminos, condiciones y finalidades bajo las cuales la instituci\u00f3n efect\u00faa la recolecci\u00f3n, almacenamiento, uso, circulaci\u00f3n supresi\u00f3n y le da tratamiento a los datos personales de todas las personas indicadas en el p\u00e1rrafo anterior, as\u00ed como las condiciones de seguridad y confidencialidad de dicha informaci\u00f3n, y establece los procedimientos para que los titulares de los datos o sus representantes, puedan ejercer los derechos establecidos bajo la leyes de protecci\u00f3n de datos personales.<\/p>\n<p style=\"text-align: justify;\"><strong style=\"color: #000000;\">Recolecci\u00f3n de Datos<\/strong><\/p>\n<p style=\"text-align: justify;\">Para cumplir su misi\u00f3n de Instituci\u00f3n de Educaci\u00f3n Superior, COTECNOVA ha recaudado, recauda y seguir\u00e1 recaudando siempre y cuando medie consentimiento del titular del dato, la siguiente informaci\u00f3n personal: nombre y apellido, NIT, fecha de nacimiento, g\u00e9nero, direcci\u00f3n de correspondencia, direcci\u00f3n de correo electr\u00f3nico, tel\u00e9fono, numero de documento de identificaci\u00f3n, estudios realizados, profesi\u00f3n , ocupaci\u00f3n , datos laborales, experiencia, publicaciones, premios, m\u00e9ritos, pasatiempos, intereses culturales, idiomas, r\u00e9gimen, aplicable a IVA, y r\u00e9gimen tributario aplicable a ICA y los que por ley se estipulen como datos personales y sensibles. El titulas de los datos acepta expresamente que COTECNOVA almacene, procese y utilice esta informaci\u00f3n personal de forma parcial o total, para los fines expresados en la ley y en la presente pol\u00edtica.<\/p>\n<p style=\"text-align: justify;\"><strong style=\"color: #000000;\">Finalidad del tratamiento de Datos<\/strong><\/p>\n<p style=\"text-align: justify;\">Se requiere que la informaci\u00f3n personal de los usuarios sea recolectada, almacenada, usada, circulada, compartida, procesada y\/o se le de tratamiento para:<\/p>\n<ul>\n<li>Desarrollar su misi\u00f3n educativa conforme a sus estatutos.<\/li>\n<li>Cumplir las leyes aplicables a la educaci\u00f3n en Colombia, incluyendo cualquier requerimiento del ministerio de Educaci\u00f3n Nacional o las autoridades regionales o locales.<\/li>\n<li>Cumplir las leyes aplicables a proveedores, incluyendo pero sin limitarse a las tributarias.<\/li>\n<li>Cumplir las leyes aplicables a ex empleados, empleados actuales y candidatos a futuro empleo, incluyendo pero sin limitarse a las laborales y de seguridad social.<\/li>\n<li>Realizar mercadeo de sus programas institucionales, incluyendo educativos, asesor\u00edas y de consultor\u00eda.<\/li>\n<li>Realizar encuestas afines a la educaci\u00f3n, al medio ambiente y a la regi\u00f3n, a quienes voluntariamente quiera participar.<\/li>\n<li>Desarrollar programas sociales conforme a sus estatutos.<\/li>\n<li>Procurar mantener en contacto con ex alumnos.<\/li>\n<li>Informar sobre oportunidades de empleos, ferias, seminarios, actividades u otros estudios a nivel local, regional, nacional e internacional.<\/li>\n<li>Fomentar la investigaci\u00f3n en todos los campos incluyendo el cient\u00edfico.<\/li>\n<li>Cumplir todos sus compromisos contractuales.<\/li>\n<li>Desarrollar programas y actividades relacionadas con la asistencia t\u00e9cnica.<\/li>\n<\/ul>\n<p><strong style=\"color: #000000;\">Seguridad y Confidencialidad<\/strong><\/p>\n<p style=\"text-align: justify;\">COTECNOVA procura garantizar la privacidad y confidencialidad de la informaci\u00f3n, para lo cual cuenta con funcionarios competentes, debidamente capacitados y facultados para el tratamiento de la informaci\u00f3n, y la adecuada tecnolog\u00eda que soporta estos procesos. Estas medidas tecnol\u00f3gicas sumadas a la seguridad f\u00edsica de la instituci\u00f3n, brindan protecci\u00f3n razonable, pero no son infalibles. Cualquier violaci\u00f3n a la confidencialidad o atentado contra la misma que detecte la instituci\u00f3n ser\u00e1 reportada de manera inmediata a las autoridades competentes.<\/p>\n<p style=\"text-align: justify;\"><strong style=\"color: #000000;\">Ni\u00f1os, Ni\u00f1as y Adolescentes Menores de 18 a\u00f1os<\/strong><\/p>\n<p style=\"text-align: justify;\">En su ejercicio COTECNOVA puede requerir datos personales de ni\u00f1os, ni\u00f1as y adolescentes menores de 18 a\u00f1os, por concepto de vinculaci\u00f3n a programas o cursos educativos y actividades de proyecci\u00f3n social, mercadeo e investigaci\u00f3n. La instituci\u00f3n velar\u00e1 por el uso adecuado de los datos personales de los ni\u00f1os, ni\u00f1as y adolescentes menores de 18 a\u00f1os, garantizando que se respetan sus derechos en el tratamiento de su informaci\u00f3n.<\/p>\n<p style=\"text-align: justify;\"><strong style=\"color: #000000;\">Actualizaci\u00f3n, rectificaci\u00f3n y supresi\u00f3n de datos personales<\/strong><\/p>\n<p style=\"text-align: justify;\">Para solicitar la actualizaci\u00f3n, rectificaci\u00f3n, supresi\u00f3n o revocaci\u00f3n cuando aplique seg\u00fan la ley 1581 de 2012, de la informaci\u00f3n contenida en las bases de datos de la instituci\u00f3n, los titulares pueden emplear los sistemas de informaci\u00f3n de la instituci\u00f3n a los cuales tienen acceso o remitir un correo electr\u00f3nico con su solicitud a habeasdata@webcotecnova.site, tambi\u00e9n se podr\u00e1 realizar la solicitud por escrito.<\/p>\n<p style=\"text-align: justify;\">Las solicitudes ser\u00e1n atendidas en orden de recibo, y seg\u00fan los plazos de ley.<\/p>\n<p style=\"text-align: justify;\">La respuesta ser\u00e1 remitida usando el mismo m\u00e9todo de contacto, salvo que otro medio resulte m\u00e1s expedito y seguro en el caso concreto.<\/p>\n<p style=\"text-align: justify;\"><strong style=\"color: #000000;\">Pol\u00edticas concordantes<\/strong><\/p>\n<p style=\"text-align: justify;\">Esta pol\u00edtica se rige por la ley colombiana. Especialmente es aplicable la Ley 1581 de 2012, reglamentada parcialmente por el Decreto 1377 de 2013 y disposiciones concordantes y complementarias. En caso de vac\u00edo, tambi\u00e9n ser\u00e1n aplicables otras disposiciones institucionales relacionadas con la protecci\u00f3n de los datos personales.<\/p>\n<p style=\"text-align: justify;\"><strong style=\"color: #000000;\">Entrada en vigencia y plazo<\/strong><\/p>\n<p style=\"text-align: justify;\">COTECNOVA, conservar\u00e1 la informaci\u00f3n de cada usuario durante todo el tiempo en que \u00e9sta se requiera dentro de los fines descritos en esta pol\u00edtica, m\u00e1s diez a\u00f1os adicionales, a menos que medie solicitud de supresi\u00f3n del interesado.<\/p>\n<p style=\"text-align: justify;\">COTECNOVA, se reserva el derecho de modificar esta Pol\u00edtica en cualquier momento. Cualquier cambio ser\u00e1 informado y publicado oportunamente en <a href=\"https:\/\/cotecnova.edu.co\/\">www.cotecnova.edu.co<\/a><\/p>\n<p style=\"text-align: justify;\">Esta pol\u00edtica ha sido redactada y aprobada el 01 de agosto de 2013, fecha a partir de la cual entra en vigencia y actualizada el d\u00eda 28 de agosto de 2023, mediante Resoluci\u00f3n No. 053 de 2023.<\/p>\n<p><strong>Acuerdo No. 017 &#8211; 2025.<\/strong> \u00abPor el cual se aprueba la pol\u00edtica institucional para la seguridad de la informaci\u00f3n y la pol\u00edtica de tratamiento de datos de la Corporaci\u00f3n de Estudios Tecnol\u00f3gicos del Norte del Valle\u00bb. (<a href=\"https:\/\/cotecnova.edu.co\/wp-content\/uploads\/2025\/08\/ACUERDO-No.-017-2025-1.pdf\" target=\"_blank\" rel=\"noopener\">Ver documento<\/a>)<\/p>\n<h3 style=\"text-align: center;\"><span style=\"color: #008000;\"><a style=\"color: #008000;\" href=\"http:\/\/cotecnova.edu.co\/wp-content\/uploads\/2023\/09\/Resolucion-No.053-2023_Actualizada.pdf\" target=\"_blank\" rel=\"noopener\">Visualizar Resoluci\u00f3n de Politica de Privacidad<\/a><\/span><\/h3>\n<\/div><\/section><\/div>\n","protected":false},"excerpt":{"rendered":"","protected":false},"author":2,"featured_media":0,"parent":0,"menu_order":0,"comment_status":"closed","ping_status":"closed","template":"","meta":{"_joinchat":[],"footnotes":""},"class_list":["post-4677","page","type-page","status-publish","hentry"],"nelio_popups_active_popup":"","_links":{"self":[{"href":"https:\/\/cotecnova.edu.co\/index.php\/wp-json\/wp\/v2\/pages\/4677","targetHints":{"allow":["GET"]}}],"collection":[{"href":"https:\/\/cotecnova.edu.co\/index.php\/wp-json\/wp\/v2\/pages"}],"about":[{"href":"https:\/\/cotecnova.edu.co\/index.php\/wp-json\/wp\/v2\/types\/page"}],"author":[{"embeddable":true,"href":"https:\/\/cotecnova.edu.co\/index.php\/wp-json\/wp\/v2\/users\/2"}],"replies":[{"embeddable":true,"href":"https:\/\/cotecnova.edu.co\/index.php\/wp-json\/wp\/v2\/comments?post=4677"}],"version-history":[{"count":17,"href":"https:\/\/cotecnova.edu.co\/index.php\/wp-json\/wp\/v2\/pages\/4677\/revisions"}],"predecessor-version":[{"id":15505,"href":"https:\/\/cotecnova.edu.co\/index.php\/wp-json\/wp\/v2\/pages\/4677\/revisions\/15505"}],"wp:attachment":[{"href":"https:\/\/cotecnova.edu.co\/index.php\/wp-json\/wp\/v2\/media?parent=4677"}],"curies":[{"name":"wp","href":"https:\/\/api.w.org\/{rel}","templated":true}]}}