{"id":5201,"date":"2016-11-22T15:20:47","date_gmt":"2016-11-22T20:20:47","guid":{"rendered":"http:\/\/www.webcotecnova.site\/?page_id=5201"},"modified":"2017-01-27T10:55:06","modified_gmt":"2017-01-27T15:55:06","slug":"diplomado-en-redes-cisco","status":"publish","type":"page","link":"https:\/\/cotecnova.edu.co\/index.php\/diplomado-en-redes-cisco\/","title":{"rendered":"Diplomado en Redes CISCO"},"content":{"rendered":"<div id='full_slider_1'  class='avia-fullwidth-slider main_color avia-shadow   avia-builder-el-0  el_before_av_section  avia-builder-el-first   container_wrap fullsize'  ><div  class='avia-slideshow av-av_slideshow_full-4f3ef5c0d0c5e5a45e27d5f99336c2be avia-slideshow-featured av_slideshow_full avia-slide-slider av-slideshow-ui av-control-default av-slideshow-manual av-loop-once av-loop-manual-endless av-default-height-applied   avia-slideshow-1' data-slideshow-options=\"{&quot;animation&quot;:&quot;slide&quot;,&quot;autoplay&quot;:false,&quot;loop_autoplay&quot;:&quot;once&quot;,&quot;interval&quot;:5,&quot;loop_manual&quot;:&quot;manual-endless&quot;,&quot;autoplay_stopper&quot;:false,&quot;noNavigation&quot;:false,&quot;bg_slider&quot;:false,&quot;keep_padding&quot;:false,&quot;hoverpause&quot;:false,&quot;show_slide_delay&quot;:0}\"  itemprop=\"image\" itemscope=\"itemscope\" itemtype=\"https:\/\/schema.org\/ImageObject\" ><ul class='avia-slideshow-inner ' style='padding-bottom: 28.666666666667%;'><li  class='avia-slideshow-slide av-av_slideshow_full-4f3ef5c0d0c5e5a45e27d5f99336c2be__0  av-single-slide slide-1 slide-odd'><div data-rel='slideshow-1' class='avia-slide-wrap '   ><img fetchpriority=\"high\" class=\"wp-image-5222 avia-img-lazy-loading-not-5222\"  src='https:\/\/cotecnova.edu.co\/wp-content\/uploads\/2016\/11\/banner_Cisco-1-1500x430.jpg' width='1500' height='430' title='banner_cisco' alt=''  itemprop=\"thumbnailUrl\"   \/><\/div><\/li><\/ul><\/div><\/div>\n\n<style type=\"text\/css\" data-created_by=\"avia_inline_auto\" id=\"style-css-av-av_section-8ef25f5f8c1341194ac0b3beaea4f6e8\">\n.avia-section.av-av_section-8ef25f5f8c1341194ac0b3beaea4f6e8{\nbackground-color:#005c2a;\nbackground-image:unset;\n}\n.avia-section.av-av_section-8ef25f5f8c1341194ac0b3beaea4f6e8 .av-extra-border-element .av-extra-border-inner{\nbackground-color:#005c2a;\n}\n<\/style>\n<div id='av_section_1'  class='avia-section av-av_section-8ef25f5f8c1341194ac0b3beaea4f6e8 main_color avia-section-small avia-shadow  avia-builder-el-1  el_after_av_slideshow_full  el_before_av_font_icon  avia-bg-style-scroll av-arrow-down-section av-minimum-height av-minimum-height-custom av-height-custom  container_wrap fullsize'   data-av_minimum_height_px='20'><div class='container av-section-cont-open' style='height:20px'><div class='template-page content  av-content-full alpha units'><div class='post-entry post-entry-type-page post-entry-5201'><div class='entry-content-wrapper clearfix'>\n<div  class='flex_column av-av_one_fifth-2a9015ff38129c418a3f2eafba3e9512 av_one_fifth  avia-builder-el-2  el_before_av_one_fifth  avia-builder-el-first  first flex_column_div  '     ><style type=\"text\/css\" data-created_by=\"avia_inline_auto\" id=\"style-css-av-av_font_icon-d200a010663fe02b74ee2fedbb2598f4\">\n.av_font_icon.av-av_font_icon-d200a010663fe02b74ee2fedbb2598f4{\ncolor:#ffffff;\nborder-color:#ffffff;\n}\n.avia-svg-icon.av-av_font_icon-d200a010663fe02b74ee2fedbb2598f4 svg:first-child{\nstroke:#ffffff;\nfill:#ffffff;\n}\n.av_font_icon.av-av_font_icon-d200a010663fe02b74ee2fedbb2598f4 .av-icon-char{\nfont-size:20px;\nline-height:20px;\nwidth:20px;\n}\n<\/style>\n<span  class='av_font_icon av-av_font_icon-d200a010663fe02b74ee2fedbb2598f4 avia_animate_when_visible av-icon-style-border avia-icon-pos-center avia-iconfont avia-font-entypo-fontello avia-icon-animate'><a href='https:\/\/cotecnova.edu.co\/index.php\/aspirante\/'   class='av-icon-char' data-av_icon='\ue84d' data-av_iconfont='entypo-fontello' aria-hidden=\"false\" data-avia-icon-tooltip=\"&lt;br \/&gt;\nAspirante&lt;br \/&gt;\n\"><\/a><span class='av_icon_caption av-special-font'>Aspirante<\/span><\/span><\/div><div  class='flex_column av-av_one_fifth-bb0c93372dbfdfd42698443400a42550 av_one_fifth  avia-builder-el-4  el_after_av_one_fifth  el_before_av_one_fifth  flex_column_div  '     ><style type=\"text\/css\" data-created_by=\"avia_inline_auto\" id=\"style-css-av-av_font_icon-dc5c44222fdfd2aeb528fa5a6e179f0e\">\n.av_font_icon.av-av_font_icon-dc5c44222fdfd2aeb528fa5a6e179f0e{\ncolor:#ffffff;\nborder-color:#ffffff;\n}\n.avia-svg-icon.av-av_font_icon-dc5c44222fdfd2aeb528fa5a6e179f0e svg:first-child{\nstroke:#ffffff;\nfill:#ffffff;\n}\n.av_font_icon.av-av_font_icon-dc5c44222fdfd2aeb528fa5a6e179f0e .av-icon-char{\nfont-size:20px;\nline-height:20px;\nwidth:20px;\n}\n<\/style>\n<span  class='av_font_icon av-av_font_icon-dc5c44222fdfd2aeb528fa5a6e179f0e avia_animate_when_visible av-icon-style-border avia-icon-pos-center avia-iconfont avia-font-entypo-fontello avia-icon-animate'><a href='https:\/\/cotecnova.edu.co\/index.php\/estudiante\/'   class='av-icon-char' data-av_icon='\ue84f' data-av_iconfont='entypo-fontello' aria-hidden=\"false\" data-avia-icon-tooltip=\"&lt;br \/&gt;\nEstudiante&lt;br \/&gt;\n\"><\/a><span class='av_icon_caption av-special-font'>Estudiante<\/span><\/span><\/div><div  class='flex_column av-av_one_fifth-bb0c93372dbfdfd42698443400a42550 av_one_fifth  avia-builder-el-6  el_after_av_one_fifth  el_before_av_one_fifth  flex_column_div  '     ><style type=\"text\/css\" data-created_by=\"avia_inline_auto\" id=\"style-css-av-av_font_icon-41a7377bce42b629c8fea0893123c2d9\">\n.av_font_icon.av-av_font_icon-41a7377bce42b629c8fea0893123c2d9{\ncolor:#ffffff;\nborder-color:#ffffff;\n}\n.avia-svg-icon.av-av_font_icon-41a7377bce42b629c8fea0893123c2d9 svg:first-child{\nstroke:#ffffff;\nfill:#ffffff;\n}\n.av_font_icon.av-av_font_icon-41a7377bce42b629c8fea0893123c2d9 .av-icon-char{\nfont-size:20px;\nline-height:20px;\nwidth:20px;\n}\n<\/style>\n<span  class='av_font_icon av-av_font_icon-41a7377bce42b629c8fea0893123c2d9 avia_animate_when_visible av-icon-style-border avia-icon-pos-center avia-iconfont avia-font-entypo-fontello avia-icon-animate'><a href='https:\/\/cotecnova.edu.co\/index.php\/docente\/'   class='av-icon-char' data-av_icon='\ue80a' data-av_iconfont='entypo-fontello' aria-hidden=\"false\" data-avia-icon-tooltip=\"&lt;br \/&gt;\nDocente&lt;br \/&gt;\n\"><\/a><span class='av_icon_caption av-special-font'>Docente<\/span><\/span><\/div><div  class='flex_column av-av_one_fifth-bb0c93372dbfdfd42698443400a42550 av_one_fifth  avia-builder-el-8  el_after_av_one_fifth  el_before_av_one_fifth  flex_column_div  '     ><style type=\"text\/css\" data-created_by=\"avia_inline_auto\" id=\"style-css-av-av_font_icon-274b5182d396c047cbfd2751491c272d\">\n.av_font_icon.av-av_font_icon-274b5182d396c047cbfd2751491c272d{\ncolor:#ffffff;\nborder-color:#ffffff;\n}\n.avia-svg-icon.av-av_font_icon-274b5182d396c047cbfd2751491c272d svg:first-child{\nstroke:#ffffff;\nfill:#ffffff;\n}\n.av_font_icon.av-av_font_icon-274b5182d396c047cbfd2751491c272d .av-icon-char{\nfont-size:20px;\nline-height:20px;\nwidth:20px;\n}\n<\/style>\n<span  class='av_font_icon av-av_font_icon-274b5182d396c047cbfd2751491c272d avia_animate_when_visible av-icon-style-border avia-icon-pos-center avia-iconfont avia-font-entypo-fontello avia-icon-animate'><a href='https:\/\/cotecnova.edu.co\/index.php\/egresado\/'   class='av-icon-char' data-av_icon='\ue8c9' data-av_iconfont='entypo-fontello' aria-hidden=\"false\" data-avia-icon-tooltip=\"&lt;br \/&gt;\nEgresado&lt;br \/&gt;\n\"><\/a><span class='av_icon_caption av-special-font'>Egresado<\/span><\/span><\/div><div  class='flex_column av-av_one_fifth-bb0c93372dbfdfd42698443400a42550 av_one_fifth  avia-builder-el-10  el_after_av_one_fifth  avia-builder-el-last  flex_column_div  '     ><style type=\"text\/css\" data-created_by=\"avia_inline_auto\" id=\"style-css-av-av_font_icon-cb0d49c4c93aeeea7c63ed91e7b3a1f9\">\n.av_font_icon.av-av_font_icon-cb0d49c4c93aeeea7c63ed91e7b3a1f9{\ncolor:#ffffff;\nborder-color:#ffffff;\n}\n.avia-svg-icon.av-av_font_icon-cb0d49c4c93aeeea7c63ed91e7b3a1f9 svg:first-child{\nstroke:#ffffff;\nfill:#ffffff;\n}\n.av_font_icon.av-av_font_icon-cb0d49c4c93aeeea7c63ed91e7b3a1f9 .av-icon-char{\nfont-size:20px;\nline-height:20px;\nwidth:20px;\n}\n<\/style>\n<span  class='av_font_icon av-av_font_icon-cb0d49c4c93aeeea7c63ed91e7b3a1f9 avia_animate_when_visible av-icon-style-border avia-icon-pos-center avia-iconfont avia-font-entypo-fontello avia-icon-animate'><a href='https:\/\/cotecnova.edu.co\/index.php\/acudiente\/'   class='av-icon-char' data-av_icon='\ue80b' data-av_iconfont='entypo-fontello' aria-hidden=\"false\" data-avia-icon-tooltip=\"&lt;br \/&gt;\nAcudiente&lt;br \/&gt;\n\"><\/a><span class='av_icon_caption av-special-font'>Acudiente<\/span><\/span><\/div>\n<\/div><\/div><\/div><!-- close content main div --><\/div><div class='av-extra-border-element border-extra-arrow-down'><div class='av-extra-border-outer'><div class='av-extra-border-inner'><\/div><\/div><\/div><\/div><div id='after_section_1'  class='main_color av_default_container_wrap container_wrap fullsize'  ><div class='container av-section-cont-open' ><div class='template-page content  av-content-full alpha units'><div class='post-entry post-entry-type-page post-entry-5201'><div class='entry-content-wrapper clearfix'>\n\n<style type=\"text\/css\" data-created_by=\"avia_inline_auto\" id=\"style-css-av-av_font_icon-1c31510ebddd2bee580034d564c2f253\">\n.av_font_icon.av-av_font_icon-1c31510ebddd2bee580034d564c2f253 .av-icon-char{\nfont-size:40px;\nline-height:40px;\n}\n<\/style>\n<span  class='av_font_icon av-av_font_icon-1c31510ebddd2bee580034d564c2f253 avia_animate_when_visible av-icon-style- avia-icon-pos-center avia-iconfont avia-font-entypo-fontello av-no-color avia-icon-animate'><span class='av-icon-char' data-av_icon='\ue831' data-av_iconfont='entypo-fontello' aria-hidden=\"true\" data-avia-icon-tooltip=\"&lt;br \/&gt;\nRegresar&lt;br \/&gt;\n\"><\/span><\/span>\n<div  class='flex_column av-av_one_full-2a9015ff38129c418a3f2eafba3e9512 av_one_full  avia-builder-el-13  el_after_av_font_icon  avia-builder-el-last  first flex_column_div  '     ><div  class='tabcontainer av-av_tab_container-cdfb33d025ccce82e3bec7780d128c1e sidebar_tab sidebar_tab_left  avia-builder-el-14  avia-builder-el-no-sibling  border_tabs'>\n<section class='av_tab_section av_tab_section av-av_tab-bed7b82b40b5fc68c23baa560712c282'  itemscope=\"itemscope\" itemtype=\"https:\/\/schema.org\/CreativeWork\" ><div id='tab-id-1-tab' class='tab active_tab' role='tab' aria-selected=\"true\" tabindex=\"0\" data-fake-id='#tab-id-1' aria-controls='tab-id-1-content'  itemprop=\"headline\" >Introducci\u00f3n<\/div><div id='tab-id-1-content' class='tab_content active_tab_content' role='tabpanel' aria-labelledby='tab-id-1-tab' aria-hidden=\"false\"><div class='tab_inner_content invers-color'  itemprop=\"text\" ><p>El CCNA Routing and Switching (CCNA R&amp;S) es un curr\u00edculo\u00a0oficial de Cisco Networking Academy\u00ae dise\u00f1ado para estudiantes que se encuentran buscando trabajos en el \u00e1rea de Tecnolog\u00eda de la Informaci\u00f3n y las Comunicaciones (TIC) o planean aumentar sus habilidades en el \u00e1rea de TIC. CCNA R&amp;S provee un completo cubrimiento de temas de redes, desde los fundamentos hasta servicios y aplicaciones avanzadas, con la oportunidad de realizar pr\u00e1cticas y laboratorios y el desarrollo de sus habilidades profesionales.<\/p>\n<p>El Curr\u00edculo CCNA Routing and Switching ense\u00f1a a los estudiantes conceptos exhaustivos sobre redes de datos y las habilidades necesarias para su manejo abarcando las aplicaciones de red y los protocolos y servicios proporcionados por estas aplicaciones. Los estudiantes comienzan con los conceptos de redes b\u00e1sicos y van progresando hasta llegar a los modelos de redes empresariales complejos. CCNA R &amp; S se puede impartir como un programa de estudios independiente o integrado en un campo m\u00e1s amplio de estudio, como carreras universitarias. El programa de estudios se puede ofrecer en un entorno totalmente presencial o combinado con actividades a distancia.<\/p>\n<p>El programa de estudios consta de cuatro m\u00f3dulos que utilizan m\u00e9todos de ense\u00f1anza adecuados para el sector de networking y ayuda a los alumnos a prepararse para las oportunidades profesionales. Los m\u00f3dulos que componen el curso son los siguientes:<br \/>\n<strong>M\u00f3dulo 1:<\/strong> Introducci\u00f3n a las redes<br \/>\n<strong>M\u00f3dulo 2:<\/strong> Conceptos de conmutaci\u00f3n y enrutamiento esenciales<br \/>\n<strong>M\u00f3dulo 3:<\/strong> Redes escalables<br \/>\n<strong>M\u00f3dulo 4:<\/strong> Conectando redes<\/p>\n<p><em>Horario:<\/em> S\u00e1bados 1-5 pm<br \/>\n<em>Intensidad:<\/em> 70 horas por m\u00f3dulo<br \/>\n<em>Costo por m\u00f3dulo:<\/em> $737.717<\/p>\n<\/div><\/div><\/section>\n<section class='av_tab_section av_tab_section av-av_tab-407b1adcde2cd2278ad7b46555dc40aa'  itemscope=\"itemscope\" itemtype=\"https:\/\/schema.org\/CreativeWork\" ><div id='tab-id-2-tab' class='tab' role='tab' aria-selected=\"false\" tabindex=\"0\" data-fake-id='#tab-id-2' aria-controls='tab-id-2-content'  itemprop=\"headline\" >P\u00fablico al que est\u00e1 dirigido<\/div><div id='tab-id-2-content' class='tab_content' role='tabpanel' aria-labelledby='tab-id-2-tab' aria-hidden=\"true\"><div class='tab_inner_content invers-color'  itemprop=\"text\" ><p>El curr\u00edculo CCNA R &amp; S est\u00e1 dise\u00f1ado para estudiantes que buscan puestos de trabajo en la industria de las TIC y que desean mejorar sus competencias para el trabajo con nuevas tecnolog\u00edas. CCNA R &amp; S ofrece una cobertura integral y completa en temas de redes, desde los fundamentos a las aplicaciones y servicios avanzados apoy\u00e1ndose en pr\u00e1cticas de laboratorio \u00fatiles para el desarrollo de habilidades en el manejo de redes. El contenido del curr\u00edculo es apropiado para estudiantes de diferentes niveles educativos y tipos de instituciones, como escuelas secundarias, universidades, instituciones t\u00e9cnicas, y colegios profesionales.<\/p>\n<\/div><\/div><\/section>\n<section class='av_tab_section av_tab_section av-av_tab-9d36c5f09324216d375902c4d33336e3'  itemscope=\"itemscope\" itemtype=\"https:\/\/schema.org\/CreativeWork\" ><div id='tab-id-3-tab' class='tab' role='tab' aria-selected=\"false\" tabindex=\"0\" data-fake-id='#tab-id-3' aria-controls='tab-id-3-content'  itemprop=\"headline\" >Objetivos del Curso<\/div><div id='tab-id-3-content' class='tab_content' role='tabpanel' aria-labelledby='tab-id-3-tab' aria-hidden=\"true\"><div class='tab_inner_content invers-color'  itemprop=\"text\" ><p>Brindar a los estudiantes los conocimientos y habilidades necesarias para tener \u00e9xito en programas de grado relacionados con networking y ayudarlos a prepararse para obtener la certificaci\u00f3n CCNA. Tambi\u00e9n ayuda a los estudiantes a desarrollar las capacidades necesarias para cumplir con las responsabilidades laborales de t\u00e9cnicos, administradores e ingenieros de red brindando una introducci\u00f3n pr\u00e1ctica y te\u00f3rica en redes de datos e Internet.<\/p>\n<\/div><\/div><\/section>\n<section class='av_tab_section av_tab_section av-av_tab-2c3de5aa20af3b4c5b176a67ba8df7ab'  itemscope=\"itemscope\" itemtype=\"https:\/\/schema.org\/CreativeWork\" ><div id='tab-id-4-tab' class='tab' role='tab' aria-selected=\"false\" tabindex=\"0\" data-fake-id='#tab-id-4' aria-controls='tab-id-4-content'  itemprop=\"headline\" >Certificaci\u00f3n Obtenida<\/div><div id='tab-id-4-content' class='tab_content' role='tabpanel' aria-labelledby='tab-id-4-tab' aria-hidden=\"true\"><div class='tab_inner_content invers-color'  itemprop=\"text\" ><p>Al aprobar cada m\u00f3dulo, CISCO Network Academy otorga el certificado de aprobaci\u00f3n del Diplomado CCNA \u201cCisco Certified Network Associate\u201d.<\/p>\n<\/div><\/div><\/section>\n<section class='av_tab_section av_tab_section av-av_tab-d484aee5b666af36795b1c187629ed11'  itemscope=\"itemscope\" itemtype=\"https:\/\/schema.org\/CreativeWork\" ><div id='tab-id-5-tab' class='tab' role='tab' aria-selected=\"false\" tabindex=\"0\" data-fake-id='#tab-id-5' aria-controls='tab-id-5-content'  itemprop=\"headline\" >Temas<\/div><div id='tab-id-5-content' class='tab_content' role='tabpanel' aria-labelledby='tab-id-5-tab' aria-hidden=\"true\"><div class='tab_inner_content invers-color'  itemprop=\"text\" ><p><strong>INTRODUCCI\u00d3N A LAS REDES<\/strong><\/p>\n<p>\u2022 Explicar la importancia de las redes de datos y de Internet en las comunicaciones y la manera como sirven de apoyo a las empresas en las actividades cotidianas.<br \/>\n\u2022 Explicar c\u00f3mo funciona la comunicaci\u00f3n en redes de datos e Internet.<br \/>\n\u2022 Reconocer los dispositivos y servicios que se utilizan para apoyar las comunicaciones a trav\u00e9s de un Internetwork.<br \/>\n\u2022 Usar modelos de protocolos de red para explicar las capas de comunicaciones en las redes de datos.<br \/>\n\u2022 Explicar la funci\u00f3n de los protocolos de redes de datos.<br \/>\n\u2022 Describir la importancia de asignar los nombres en las distintas capas de redes de datos.<br \/>\n\u2022 Describir los protocolos y los servicios proporcionados por la capa de aplicaci\u00f3n en el modelo OSI y TCP \/ IP y describir c\u00f3mo opera esta capa en diferentes \u00a0redes.<br \/>\n\u2022 Analizar el funcionamiento y las caracter\u00edsticas de los protocolos de la capa de transportes y servicios.<br \/>\n\u2022 Describir los dispositivos y servicios usados para apoyar la comunicaci\u00f3n en redes de datos y en el Internet.<br \/>\n\u2022 Describir el rol de los protocolos basados en capas en redes de datos.<br \/>\n\u2022 Describir la importancia del esquema de direccionamiento y nomenclatura en las distintas capas de las redes de datos que trabajan con IPv4 e IPv6.<\/p>\n<p>\u2022 Dise\u00f1ar, calcular, y asignar direcciones y m\u00e1scaras de subred para implementar redes bajo IPv4 e IPv6.<br \/>\n\u2022 Configurar una red Ethernet simple usando routers y switches.<br \/>\n\u2022 Usar la interface de l\u00ednea de comandos de Cisco (CLI) para ejecutar tareas b\u00e1sicas de configuraci\u00f3n de routers y switches.<\/p>\n<p><strong>CONCEPTOS DE CONMUTACI\u00d3N Y ENRUTAMIENTO ESENCIALES<\/strong><\/p>\n<p>\u2022 Describir la finalidad, la naturaleza, y las operaciones de un router.<br \/>\n\u2022 Explicar el papel cr\u00edtico que juegan los routers para permitir la comunicaci\u00f3n a trav\u00e9s de m\u00faltiples redes.<br \/>\n\u2022 Describir la finalidad y la naturaleza de las tablas de enrutamiento.<br \/>\n\u2022 Describir como un router determina un camino y\u00a0conmuta los paquetes.<br \/>\n\u2022 Explicar la funci\u00f3n de los protocolos de redes de datos.<br \/>\n\u2022 Configurar router y verificar el funcionamiento b\u00e1sico de un router reci\u00e9n instalado.<br \/>\n\u2022 Describir tecnolog\u00edas de conmutaci\u00f3n mejoradas tales como VLANs,VLAN Trunking Protocol,<br \/>\n\u2022 Rapid Spanning Trunking Protocol, y 802.1q<br \/>\n\u2022 Describir conceptos b\u00e1sicos de conmutaci\u00f3n y la operaci\u00f3n de switches Cisco.<\/p>\n<p><strong>REDES ESCALABLES<\/strong><\/p>\n<p>\u2022 Identificar y corregir los problemas de red comunes en las capas 1, 2,3 y 7.<br \/>\n\u2022 Interpretar los diagramas de red.<br \/>\n\u2022 Seleccionar el medio de comunicaci\u00f3n adecuado, cables, puertos y conectores para conectar los switches a otros dispositivos de red.<br \/>\n\u2022 Explicar la tecnolog\u00eda y el m\u00e9todo de control de acceso a medios usado por las redes Ethernet<br \/>\n\u2022 Explicar los conceptos b\u00e1sicos de conmutaci\u00f3n y el funcionamiento de los switches Cisco.<br \/>\n\u2022 Realizar, verificar y cambiar la configuraci\u00f3n inicial de las tareas de gesti\u00f3n de acceso de manera remota.<br \/>\n\u2022 Describir la operaci\u00f3n del servicio DHCP y del servicio DNS para IPv4 e IPv6.<br \/>\n\u2022 Describir las operaciones y beneficios del protocolo STP.<br \/>\n\u2022 Describir la operaci\u00f3n y beneficios del protocolo VTP y de tipo \u00ablink aggregation\u00bb.<br \/>\n\u2022 Configurar y resolver problemas de configuraci\u00f3n de routers as\u00ed como la implementaci\u00f3n de protocolos como RIP, OSPF, y EIGRP para IPv4 e IPv6.<br \/>\n\u2022 Gestionar el software de licenciamiento del Cisco IOS y la configuraci\u00f3n de los archivos.<\/p>\n<p><strong>CONECTANDO REDES<\/strong><\/p>\n<p>\u2022 Describir el impacto de aplicaciones tales como (Voz sobre IP y v\u00eddeo sobre IP).<br \/>\n\u2022 Identificar y corregir los problemas de red comunes en capas 1,2,3 y 7 utilizando un modelo de red basado en capas.<br \/>\n\u2022 Interpretar los diagramas de red.<br \/>\n\u2022 Describir los componentes necesarios de una red y permitir las comunicaciones en Internet.<br \/>\n\u2022 Implementar t\u00e9cnicas de seguridad b\u00e1sicas en los switches (protecci\u00f3n de los puertos, trunk access, la gesti\u00f3n de vlan distintas).<br \/>\n\u2022 Explicar el funcionamiento y las ventajas de utilizar DHCP y DNS.<br \/>\n\u2022 Describir las operaciones y beneficios de las redes privadas virtuales (VPNs) y configurar t\u00faneles.<br \/>\n\u2022 Describir diferentes tecnolog\u00edas WAN y sus beneficios.<br \/>\n\u2022 Configurar y resolver problemas de configuraci\u00f3n en conexiones seriales.<br \/>\n\u2022 Configurar y resolver problemas en enlaces de banda ancha.<br \/>\n\u2022 Configurar y resolver problemas en configuraciones basadas en t\u00faneles IPSec.<br \/>\n\u2022 Monitorear y resolver problemas de configuraci\u00f3n en operaciones de red usando syslog, SNMP, y NetFlow.<br \/>\n\u2022 Dise\u00f1ar arquitecturas de red para centros de datos (data center), y redes colaborativas.<\/p>\n<\/div><\/div><\/section>\n<section class='av_tab_section av_tab_section av-av_tab-c6f97938bd5ea0dae6604cabb9e0f7b2'  itemscope=\"itemscope\" itemtype=\"https:\/\/schema.org\/CreativeWork\" ><div id='tab-id-6-tab' class='tab' role='tab' aria-selected=\"false\" tabindex=\"0\" data-fake-id='#tab-id-6' aria-controls='tab-id-6-content'  itemprop=\"headline\" >Cont\u00e1ctenos<\/div><div id='tab-id-6-content' class='tab_content' role='tabpanel' aria-labelledby='tab-id-6-tab' aria-hidden=\"true\"><div class='tab_inner_content invers-color'  itemprop=\"text\" ><p><iframe loading=\"lazy\" src=\"http:\/\/eepurl.com\/cnmbl1\" width=\"100%\" height=\"800px\"><\/iframe><\/p>\n<\/div><\/div><\/section>\n<\/div><\/div>\n","protected":false},"excerpt":{"rendered":"","protected":false},"author":2,"featured_media":0,"parent":0,"menu_order":0,"comment_status":"closed","ping_status":"closed","template":"","meta":{"_joinchat":[],"footnotes":""},"class_list":["post-5201","page","type-page","status-publish","hentry"],"nelio_popups_active_popup":"","_links":{"self":[{"href":"https:\/\/cotecnova.edu.co\/index.php\/wp-json\/wp\/v2\/pages\/5201","targetHints":{"allow":["GET"]}}],"collection":[{"href":"https:\/\/cotecnova.edu.co\/index.php\/wp-json\/wp\/v2\/pages"}],"about":[{"href":"https:\/\/cotecnova.edu.co\/index.php\/wp-json\/wp\/v2\/types\/page"}],"author":[{"embeddable":true,"href":"https:\/\/cotecnova.edu.co\/index.php\/wp-json\/wp\/v2\/users\/2"}],"replies":[{"embeddable":true,"href":"https:\/\/cotecnova.edu.co\/index.php\/wp-json\/wp\/v2\/comments?post=5201"}],"version-history":[{"count":15,"href":"https:\/\/cotecnova.edu.co\/index.php\/wp-json\/wp\/v2\/pages\/5201\/revisions"}],"predecessor-version":[{"id":5383,"href":"https:\/\/cotecnova.edu.co\/index.php\/wp-json\/wp\/v2\/pages\/5201\/revisions\/5383"}],"wp:attachment":[{"href":"https:\/\/cotecnova.edu.co\/index.php\/wp-json\/wp\/v2\/media?parent=5201"}],"curies":[{"name":"wp","href":"https:\/\/api.w.org\/{rel}","templated":true}]}}